{"id":9982,"date":"2026-03-05T08:16:57","date_gmt":"2026-03-05T05:16:57","guid":{"rendered":"https:\/\/ozince.com\/magaza\/kategorilenmemis\/bsh-0986424597-fren-balata-fiat-linea-doblo-bravo-ii-opel-combo-d-buyuk-tip-on-tek-fisli\/"},"modified":"2026-03-05T08:16:57","modified_gmt":"2026-03-05T05:16:57","slug":"bsh-0986424597-fren-balata-fiat-linea-doblo-bravo-ii-opel-combo-d-buyuk-tip-on-tek-fisli","status":"publish","type":"product","link":"https:\/\/ozince.com\/magaza\/fren-sistemi-urunleri\/bsh-0986424597-fren-balata-fiat-linea-doblo-bravo-ii-opel-combo-d-buyuk-tip-on-tek-fisli\/","title":{"rendered":"BSH-0986424597 FREN BALATA FIAT LINEA \/  DOBLO \/ BRAVO II \/ OPEL COMBO D (B\u00dcY\u00dcK TIP) \u00d6N TEK FISLI"},"content":{"rendered":"","protected":false},"excerpt":{"rendered":"","protected":false},"featured_media":14926,"template":"","meta":[],"product_brand":[190],"product_cat":[257],"product_tag":[378],"class_list":{"0":"post-9982","1":"product","2":"type-product","3":"status-publish","4":"has-post-thumbnail","6":"arac_markasi_modeli-combo-d","7":"arac_markasi_modeli-opel","8":"product_brand-bosch","9":"product_cat-fren-sistemi-urunleri","10":"product_tag-altay","12":"first","13":"instock","14":"taxable","15":"shipping-taxable","16":"purchasable","17":"product-type-simple"},"jetpack_sharing_enabled":true,"_links":{"self":[{"href":"https:\/\/ozince.com\/magaza\/wp-json\/wp\/v2\/product\/9982","targetHints":{"allow":["GET"]}}],"collection":[{"href":"https:\/\/ozince.com\/magaza\/wp-json\/wp\/v2\/product"}],"about":[{"href":"https:\/\/ozince.com\/magaza\/wp-json\/wp\/v2\/types\/product"}],"wp:featuredmedia":[{"embeddable":true,"href":"https:\/\/ozince.com\/magaza\/wp-json\/wp\/v2\/media\/14926"}],"wp:attachment":[{"href":"https:\/\/ozince.com\/magaza\/wp-json\/wp\/v2\/media?parent=9982"}],"wp:term":[{"taxonomy":"product_brand","embeddable":true,"href":"https:\/\/ozince.com\/magaza\/wp-json\/wp\/v2\/product_brand?post=9982"},{"taxonomy":"product_cat","embeddable":true,"href":"https:\/\/ozince.com\/magaza\/wp-json\/wp\/v2\/product_cat?post=9982"},{"taxonomy":"product_tag","embeddable":true,"href":"https:\/\/ozince.com\/magaza\/wp-json\/wp\/v2\/product_tag?post=9982"}],"curies":[{"name":"wp","href":"https:\/\/api.w.org\/{rel}","templated":true}]}}