{"id":9950,"date":"2026-04-06T08:22:46","date_gmt":"2026-04-06T05:22:46","guid":{"rendered":"https:\/\/ozince.com\/magaza\/kategorilenmemis\/val-810033-debriyaj-rulmani-hidrolik-astra-g-corsa-c-z12xep-z14xep\/"},"modified":"2026-04-06T08:22:46","modified_gmt":"2026-04-06T05:22:46","slug":"blp-adw193605-debriyaj-rulmani-hidrolik-astra-g-corsa-c-z12xep-z14xep","status":"publish","type":"product","link":"https:\/\/ozince.com\/magaza\/debriyaj-ve-sanziman-urunleri\/blp-adw193605-debriyaj-rulmani-hidrolik-astra-g-corsa-c-z12xep-z14xep\/","title":{"rendered":"BLP-ADW193605 DEBR\u0130YAJ RULMANI H\u0130DROL\u0130K ASTRA G \/ CORSA C Z12XEP &#8211; Z14XEP"},"content":{"rendered":"","protected":false},"excerpt":{"rendered":"","protected":false},"featured_media":13101,"template":"","meta":[],"product_brand":[416],"product_cat":[347],"product_tag":[378],"class_list":{"0":"post-9950","1":"product","2":"type-product","3":"status-publish","4":"has-post-thumbnail","6":"arac_markasi_modeli-astra-g","7":"arac_markasi_modeli-corsa-c","8":"arac_markasi_modeli-opel","9":"product_brand-blueprin","10":"product_cat-debriyaj-ve-sanziman-urunleri","11":"product_tag-altay","13":"first","14":"instock","15":"taxable","16":"shipping-taxable","17":"purchasable","18":"product-type-simple"},"jetpack_sharing_enabled":true,"_links":{"self":[{"href":"https:\/\/ozince.com\/magaza\/wp-json\/wp\/v2\/product\/9950","targetHints":{"allow":["GET"]}}],"collection":[{"href":"https:\/\/ozince.com\/magaza\/wp-json\/wp\/v2\/product"}],"about":[{"href":"https:\/\/ozince.com\/magaza\/wp-json\/wp\/v2\/types\/product"}],"wp:featuredmedia":[{"embeddable":true,"href":"https:\/\/ozince.com\/magaza\/wp-json\/wp\/v2\/media\/13101"}],"wp:attachment":[{"href":"https:\/\/ozince.com\/magaza\/wp-json\/wp\/v2\/media?parent=9950"}],"wp:term":[{"taxonomy":"product_brand","embeddable":true,"href":"https:\/\/ozince.com\/magaza\/wp-json\/wp\/v2\/product_brand?post=9950"},{"taxonomy":"product_cat","embeddable":true,"href":"https:\/\/ozince.com\/magaza\/wp-json\/wp\/v2\/product_cat?post=9950"},{"taxonomy":"product_tag","embeddable":true,"href":"https:\/\/ozince.com\/magaza\/wp-json\/wp\/v2\/product_tag?post=9950"}],"curies":[{"name":"wp","href":"https:\/\/api.w.org\/{rel}","templated":true}]}}