{"id":9879,"date":"2026-03-04T08:15:54","date_gmt":"2026-03-04T05:15:54","guid":{"rendered":"https:\/\/ozince.com\/magaza\/kategorilenmemis\/gen-gm1137-1-krank-mili-fiat-albea-egea-palio-linea-doblo-opel-corsa-d-corsa-e-astra-h-astra-j-combo-d-suzuki-swift-1-3jtd-dovme-celik\/"},"modified":"2026-03-04T08:15:56","modified_gmt":"2026-03-04T05:15:56","slug":"gen-gm1137-1-krank-mili-fiat-albea-egea-palio-linea-doblo-opel-corsa-d-corsa-e-astra-h-astra-j-combo-d-suzuki-swift-1-3jtd-dovme-celik","status":"publish","type":"product","link":"https:\/\/ozince.com\/magaza\/motor-mekanik-urunleri\/gen-gm1137-1-krank-mili-fiat-albea-egea-palio-linea-doblo-opel-corsa-d-corsa-e-astra-h-astra-j-combo-d-suzuki-swift-1-3jtd-dovme-celik\/","title":{"rendered":"GEN-GM1137-1 KRANK M\u0130L\u0130 FIAT ALBEA \/ EGEA \/ PALIO \/ LINEA \/ DOBLO \/ OPEL CORSA D \/ CORSA E \/ ASTRA H \/ ASTRA J \/ COMBO D \/ SUZUKI SWIFT 1.3JTD (D\u00d6VME \u00c7EL\u0130K)"},"content":{"rendered":"","protected":false},"excerpt":{"rendered":"","protected":false},"featured_media":15107,"template":"","meta":[],"product_brand":[448],"product_cat":[298],"product_tag":[378],"class_list":{"0":"post-9879","1":"product","2":"type-product","3":"status-publish","4":"has-post-thumbnail","6":"arac_markasi_modeli-astra-h","7":"arac_markasi_modeli-astra-j","8":"arac_markasi_modeli-combo-d","9":"arac_markasi_modeli-corsa-d","10":"arac_markasi_modeli-corsa-e","11":"arac_markasi_modeli-opel","12":"product_brand-genmot","13":"product_cat-motor-mekanik-urunleri","14":"product_tag-altay","16":"first","17":"instock","18":"taxable","19":"shipping-taxable","20":"purchasable","21":"product-type-simple"},"jetpack_sharing_enabled":true,"_links":{"self":[{"href":"https:\/\/ozince.com\/magaza\/wp-json\/wp\/v2\/product\/9879","targetHints":{"allow":["GET"]}}],"collection":[{"href":"https:\/\/ozince.com\/magaza\/wp-json\/wp\/v2\/product"}],"about":[{"href":"https:\/\/ozince.com\/magaza\/wp-json\/wp\/v2\/types\/product"}],"wp:featuredmedia":[{"embeddable":true,"href":"https:\/\/ozince.com\/magaza\/wp-json\/wp\/v2\/media\/15107"}],"wp:attachment":[{"href":"https:\/\/ozince.com\/magaza\/wp-json\/wp\/v2\/media?parent=9879"}],"wp:term":[{"taxonomy":"product_brand","embeddable":true,"href":"https:\/\/ozince.com\/magaza\/wp-json\/wp\/v2\/product_brand?post=9879"},{"taxonomy":"product_cat","embeddable":true,"href":"https:\/\/ozince.com\/magaza\/wp-json\/wp\/v2\/product_cat?post=9879"},{"taxonomy":"product_tag","embeddable":true,"href":"https:\/\/ozince.com\/magaza\/wp-json\/wp\/v2\/product_tag?post=9879"}],"curies":[{"name":"wp","href":"https:\/\/api.w.org\/{rel}","templated":true}]}}