{"id":9760,"date":"2026-04-10T08:12:15","date_gmt":"2026-04-10T05:12:15","guid":{"rendered":"https:\/\/ozince.com\/magaza\/kategorilenmemis\/mhr-36388-hortum-yakit-depo-havalandirma-vectra-b-x16xel-y16xe-z16xe-z16xe-giris\/"},"modified":"2026-04-10T08:12:16","modified_gmt":"2026-04-10T05:12:16","slug":"mhr-36388-hortum-yakit-depo-havalandirma-vectra-b-x16xel-y16xe-z16xe-z16xe-giris","status":"publish","type":"product","link":"https:\/\/ozince.com\/magaza\/motor-sogutma-ve-radyator-urunleri\/mhr-36388-hortum-yakit-depo-havalandirma-vectra-b-x16xel-y16xe-z16xe-z16xe-giris\/","title":{"rendered":"MHR-36388 HORTUM YAKIT DEPO HAVALANDIRMA VECTRA B X16XEL-Y16XE-Z16XE-Z16XE G\u0130R\u0130\u015e"},"content":{"rendered":"","protected":false},"excerpt":{"rendered":"","protected":false},"featured_media":0,"template":"","meta":[],"product_brand":[288],"product_cat":[324],"product_tag":[378],"class_list":{"0":"post-9760","1":"product","2":"type-product","3":"status-publish","5":"arac_markasi_modeli-opel","6":"arac_markasi_modeli-vectra-b","7":"product_brand-maher","8":"product_cat-motor-sogutma-ve-radyator-urunleri","9":"product_tag-altay","11":"first","12":"instock","13":"taxable","14":"shipping-taxable","15":"purchasable","16":"product-type-simple"},"jetpack_sharing_enabled":true,"_links":{"self":[{"href":"https:\/\/ozince.com\/magaza\/wp-json\/wp\/v2\/product\/9760","targetHints":{"allow":["GET"]}}],"collection":[{"href":"https:\/\/ozince.com\/magaza\/wp-json\/wp\/v2\/product"}],"about":[{"href":"https:\/\/ozince.com\/magaza\/wp-json\/wp\/v2\/types\/product"}],"wp:attachment":[{"href":"https:\/\/ozince.com\/magaza\/wp-json\/wp\/v2\/media?parent=9760"}],"wp:term":[{"taxonomy":"product_brand","embeddable":true,"href":"https:\/\/ozince.com\/magaza\/wp-json\/wp\/v2\/product_brand?post=9760"},{"taxonomy":"product_cat","embeddable":true,"href":"https:\/\/ozince.com\/magaza\/wp-json\/wp\/v2\/product_cat?post=9760"},{"taxonomy":"product_tag","embeddable":true,"href":"https:\/\/ozince.com\/magaza\/wp-json\/wp\/v2\/product_tag?post=9760"}],"curies":[{"name":"wp","href":"https:\/\/api.w.org\/{rel}","templated":true}]}}