{"id":9746,"date":"2026-04-10T08:13:37","date_gmt":"2026-04-10T05:13:37","guid":{"rendered":"https:\/\/ozince.com\/magaza\/kategorilenmemis\/gmb-gta0090-vantilator-gergisi-opel-astra-vectra-corsa-chevrolet-daewoo-laganz-nubira-epica\/"},"modified":"2026-04-10T08:13:37","modified_gmt":"2026-04-10T05:13:37","slug":"gates-t38154-vantilator-gergisi-opel-astra-vectra-corsa-chevrolet-daewoo-laganz-nubira-epica","status":"publish","type":"product","link":"https:\/\/ozince.com\/magaza\/motor-mekanik-urunleri\/gates-t38154-vantilator-gergisi-opel-astra-vectra-corsa-chevrolet-daewoo-laganz-nubira-epica\/","title":{"rendered":"GATES-T38154 VANT\u0130LAT\u00d6R GERG\u0130S\u0130 OPEL ASTRA \/ VECTRA \/ CORSA \/ CHEVROLET \/ DAEWOO LAGANZ \/ NUBIRA \/ EPICA"},"content":{"rendered":"","protected":false},"excerpt":{"rendered":"","protected":false},"featured_media":13625,"template":"","meta":[],"product_brand":[299],"product_cat":[298],"product_tag":[378],"class_list":{"0":"post-9746","1":"product","2":"type-product","3":"status-publish","4":"has-post-thumbnail","6":"arac_markasi_modeli-chevrolet","7":"arac_markasi_modeli-epica","8":"product_brand-gates","9":"product_cat-motor-mekanik-urunleri","10":"product_tag-altay","12":"first","13":"instock","14":"taxable","15":"shipping-taxable","16":"purchasable","17":"product-type-simple"},"jetpack_sharing_enabled":true,"_links":{"self":[{"href":"https:\/\/ozince.com\/magaza\/wp-json\/wp\/v2\/product\/9746","targetHints":{"allow":["GET"]}}],"collection":[{"href":"https:\/\/ozince.com\/magaza\/wp-json\/wp\/v2\/product"}],"about":[{"href":"https:\/\/ozince.com\/magaza\/wp-json\/wp\/v2\/types\/product"}],"wp:featuredmedia":[{"embeddable":true,"href":"https:\/\/ozince.com\/magaza\/wp-json\/wp\/v2\/media\/13625"}],"wp:attachment":[{"href":"https:\/\/ozince.com\/magaza\/wp-json\/wp\/v2\/media?parent=9746"}],"wp:term":[{"taxonomy":"product_brand","embeddable":true,"href":"https:\/\/ozince.com\/magaza\/wp-json\/wp\/v2\/product_brand?post=9746"},{"taxonomy":"product_cat","embeddable":true,"href":"https:\/\/ozince.com\/magaza\/wp-json\/wp\/v2\/product_cat?post=9746"},{"taxonomy":"product_tag","embeddable":true,"href":"https:\/\/ozince.com\/magaza\/wp-json\/wp\/v2\/product_tag?post=9746"}],"curies":[{"name":"wp","href":"https:\/\/api.w.org\/{rel}","templated":true}]}}