{"id":9449,"date":"2026-03-05T08:14:14","date_gmt":"2026-03-05T05:14:14","guid":{"rendered":"https:\/\/ozince.com\/magaza\/kategorilenmemis\/pfx-c507a-mazot-filtresi-astra-h-corsa-c-combo-c-albea-palio-doblo-punto-ducato-boxer-1-3jtd-2-0-2-8-oem-orijinal-equipment-manufacturer\/"},"modified":"2026-03-05T08:14:14","modified_gmt":"2026-03-05T05:14:14","slug":"pfx-c507a-mazot-filtresi-astra-h-corsa-c-combo-c-albea-palio-doblo-punto-ducato-boxer-1-3jtd-2-0-2-8-oem-orijinal-equipment-manufacturer","status":"publish","type":"product","link":"https:\/\/ozince.com\/magaza\/periyodik-bakim-ve-filtre-urunleri\/pfx-c507a-mazot-filtresi-astra-h-corsa-c-combo-c-albea-palio-doblo-punto-ducato-boxer-1-3jtd-2-0-2-8-oem-orijinal-equipment-manufacturer\/","title":{"rendered":"PFX-C507A MAZOT F\u0130LTRES\u0130 ASTRA H \/ CORSA C \/ COMBO C \/ ALBEA \/ PALIO \/ DOBLO \/ PUNTO \/ DUCATO-BOXER 1.3JTD-2.0-2.8 OEM (OR\u0130J\u0130NAL EQU\u0130PMENT MANUFACTURER)"},"content":{"rendered":"","protected":false},"excerpt":{"rendered":"","protected":false},"featured_media":13206,"template":"","meta":[],"product_brand":[372],"product_cat":[352],"product_tag":[378],"class_list":{"0":"post-9449","1":"product","2":"type-product","3":"status-publish","4":"has-post-thumbnail","6":"arac_markasi_modeli-astra-h","7":"arac_markasi_modeli-combo-c","8":"arac_markasi_modeli-corsa-c","9":"arac_markasi_modeli-opel","10":"product_brand-purflux","11":"product_cat-periyodik-bakim-ve-filtre-urunleri","12":"product_tag-altay","14":"first","15":"outofstock","16":"taxable","17":"shipping-taxable","18":"purchasable","19":"product-type-simple"},"jetpack_sharing_enabled":true,"_links":{"self":[{"href":"https:\/\/ozince.com\/magaza\/wp-json\/wp\/v2\/product\/9449","targetHints":{"allow":["GET"]}}],"collection":[{"href":"https:\/\/ozince.com\/magaza\/wp-json\/wp\/v2\/product"}],"about":[{"href":"https:\/\/ozince.com\/magaza\/wp-json\/wp\/v2\/types\/product"}],"wp:featuredmedia":[{"embeddable":true,"href":"https:\/\/ozince.com\/magaza\/wp-json\/wp\/v2\/media\/13206"}],"wp:attachment":[{"href":"https:\/\/ozince.com\/magaza\/wp-json\/wp\/v2\/media?parent=9449"}],"wp:term":[{"taxonomy":"product_brand","embeddable":true,"href":"https:\/\/ozince.com\/magaza\/wp-json\/wp\/v2\/product_brand?post=9449"},{"taxonomy":"product_cat","embeddable":true,"href":"https:\/\/ozince.com\/magaza\/wp-json\/wp\/v2\/product_cat?post=9449"},{"taxonomy":"product_tag","embeddable":true,"href":"https:\/\/ozince.com\/magaza\/wp-json\/wp\/v2\/product_tag?post=9449"}],"curies":[{"name":"wp","href":"https:\/\/api.w.org\/{rel}","templated":true}]}}