{"id":9447,"date":"2026-04-07T08:16:17","date_gmt":"2026-04-07T05:16:17","guid":{"rendered":"https:\/\/ozince.com\/magaza\/kategorilenmemis\/vr-14-10026-01-civata-silindir-kapak-saplamasi-corsa-f-grandland-x-crossland-x-1-2-2008-301-308-5008-ds3-1-2\/"},"modified":"2026-04-07T08:16:19","modified_gmt":"2026-04-07T05:16:19","slug":"vr-14-10026-01-civata-silindir-kapak-saplamasi-corsa-f-grandland-x-crossland-x-1-2-2008-301-308-5008-ds3-1-2","status":"publish","type":"product","link":"https:\/\/ozince.com\/magaza\/motor-mekanik-urunleri\/vr-14-10026-01-civata-silindir-kapak-saplamasi-corsa-f-grandland-x-crossland-x-1-2-2008-301-308-5008-ds3-1-2\/","title":{"rendered":"VR-14-10026-01 C\u0130VATA S\u0130L\u0130ND\u0130R KAPAK SAPLAMASI CORSA F \/ GRANDLAND X\/ CROSSLAND X 1.2 \/ 2008 \/ 301 \/ 308 \/ 5008 \/ DS3 1.2"},"content":{"rendered":"","protected":false},"excerpt":{"rendered":"","protected":false},"featured_media":0,"template":"","meta":[],"product_brand":[422],"product_cat":[298],"product_tag":[378],"class_list":{"0":"post-9447","1":"product","2":"type-product","3":"status-publish","5":"arac_markasi_modeli-corsa-f","6":"arac_markasi_modeli-crossland-x","7":"arac_markasi_modeli-grandland","8":"arac_markasi_modeli-opel","9":"product_brand-v-reinz","10":"product_cat-motor-mekanik-urunleri","11":"product_tag-altay","13":"first","14":"outofstock","15":"taxable","16":"shipping-taxable","17":"purchasable","18":"product-type-simple"},"jetpack_sharing_enabled":true,"_links":{"self":[{"href":"https:\/\/ozince.com\/magaza\/wp-json\/wp\/v2\/product\/9447","targetHints":{"allow":["GET"]}}],"collection":[{"href":"https:\/\/ozince.com\/magaza\/wp-json\/wp\/v2\/product"}],"about":[{"href":"https:\/\/ozince.com\/magaza\/wp-json\/wp\/v2\/types\/product"}],"wp:attachment":[{"href":"https:\/\/ozince.com\/magaza\/wp-json\/wp\/v2\/media?parent=9447"}],"wp:term":[{"taxonomy":"product_brand","embeddable":true,"href":"https:\/\/ozince.com\/magaza\/wp-json\/wp\/v2\/product_brand?post=9447"},{"taxonomy":"product_cat","embeddable":true,"href":"https:\/\/ozince.com\/magaza\/wp-json\/wp\/v2\/product_cat?post=9447"},{"taxonomy":"product_tag","embeddable":true,"href":"https:\/\/ozince.com\/magaza\/wp-json\/wp\/v2\/product_tag?post=9447"}],"curies":[{"name":"wp","href":"https:\/\/api.w.org\/{rel}","templated":true}]}}