{"id":9410,"date":"2026-04-08T08:12:03","date_gmt":"2026-04-08T05:12:03","guid":{"rendered":"https:\/\/ozince.com\/magaza\/kategorilenmemis\/uce-91100-aks-korugu-takim-dis-grande-punto-adam-corsa-d-1-0-1-2-1-4-12-golf1-golf2-golf3-polo-classic-a80-aft1-6\/"},"modified":"2026-04-08T08:12:03","modified_gmt":"2026-04-08T05:12:03","slug":"uce-91100-aks-korugu-takim-dis-grande-punto-adam-corsa-d-1-0-1-2-1-4-12-golf1-golf2-golf3-polo-classic-a80-aft1-6","status":"publish","type":"product","link":"https:\/\/ozince.com\/magaza\/aks-urunleri\/uce-91100-aks-korugu-takim-dis-grande-punto-adam-corsa-d-1-0-1-2-1-4-12-golf1-golf2-golf3-polo-classic-a80-aft1-6\/","title":{"rendered":"UCE-91100 AKS K\u00d6R\u00dc\u011e\u00dc TAKIM DI\u015e GRANDE PUNTO \/ ADAM CORSA D 1.0 \/ 1.2 \/ 1.4 \/ 1,2 \/ GOLF1 \/ GOLF2 \/ GOLF3 \/ POLO CLASS\u0130C \/ A80 AFT1.6"},"content":{"rendered":"","protected":false},"excerpt":{"rendered":"","protected":false},"featured_media":15752,"template":"","meta":[],"product_brand":[414],"product_cat":[379],"product_tag":[378],"class_list":{"0":"post-9410","1":"product","2":"type-product","3":"status-publish","4":"has-post-thumbnail","6":"arac_markasi_modeli-adam","7":"arac_markasi_modeli-corsa-d","8":"arac_markasi_modeli-opel","9":"product_brand-ucel","10":"product_cat-aks-urunleri","11":"product_tag-altay","13":"first","14":"outofstock","15":"taxable","16":"shipping-taxable","17":"purchasable","18":"product-type-simple"},"jetpack_sharing_enabled":true,"_links":{"self":[{"href":"https:\/\/ozince.com\/magaza\/wp-json\/wp\/v2\/product\/9410","targetHints":{"allow":["GET"]}}],"collection":[{"href":"https:\/\/ozince.com\/magaza\/wp-json\/wp\/v2\/product"}],"about":[{"href":"https:\/\/ozince.com\/magaza\/wp-json\/wp\/v2\/types\/product"}],"wp:featuredmedia":[{"embeddable":true,"href":"https:\/\/ozince.com\/magaza\/wp-json\/wp\/v2\/media\/15752"}],"wp:attachment":[{"href":"https:\/\/ozince.com\/magaza\/wp-json\/wp\/v2\/media?parent=9410"}],"wp:term":[{"taxonomy":"product_brand","embeddable":true,"href":"https:\/\/ozince.com\/magaza\/wp-json\/wp\/v2\/product_brand?post=9410"},{"taxonomy":"product_cat","embeddable":true,"href":"https:\/\/ozince.com\/magaza\/wp-json\/wp\/v2\/product_cat?post=9410"},{"taxonomy":"product_tag","embeddable":true,"href":"https:\/\/ozince.com\/magaza\/wp-json\/wp\/v2\/product_tag?post=9410"}],"curies":[{"name":"wp","href":"https:\/\/api.w.org\/{rel}","templated":true}]}}