{"id":9384,"date":"2026-04-07T08:22:37","date_gmt":"2026-04-07T05:22:37","guid":{"rendered":"https:\/\/ozince.com\/magaza\/kategorilenmemis\/elr-008-822-silindir-kapak-conta-vectra-c-03-07-1-9-cdti-z19dth-092mm\/"},"modified":"2026-04-07T08:22:38","modified_gmt":"2026-04-07T05:22:38","slug":"vr-61-35855-10-silindir-kapak-conta-vectra-c-03-07-1-9-cdti-z19dth-092mm","status":"publish","type":"product","link":"https:\/\/ozince.com\/magaza\/motor-mekanik-urunleri\/vr-61-35855-10-silindir-kapak-conta-vectra-c-03-07-1-9-cdti-z19dth-092mm\/","title":{"rendered":"VR-61-35855-10 S\u0130L\u0130ND\u0130R KAPAK CONTA VECTRA C 03-07 1.9 CDTI (Z19DTH) 0,92mm"},"content":{"rendered":"","protected":false},"excerpt":{"rendered":"","protected":false},"featured_media":0,"template":"","meta":[],"product_brand":[422],"product_cat":[298],"product_tag":[378],"class_list":{"0":"post-9384","1":"product","2":"type-product","3":"status-publish","5":"arac_markasi_modeli-opel","6":"arac_markasi_modeli-vectra-c","7":"product_brand-v-reinz","8":"product_cat-motor-mekanik-urunleri","9":"product_tag-altay","11":"first","12":"outofstock","13":"taxable","14":"shipping-taxable","15":"purchasable","16":"product-type-simple"},"jetpack_sharing_enabled":true,"_links":{"self":[{"href":"https:\/\/ozince.com\/magaza\/wp-json\/wp\/v2\/product\/9384","targetHints":{"allow":["GET"]}}],"collection":[{"href":"https:\/\/ozince.com\/magaza\/wp-json\/wp\/v2\/product"}],"about":[{"href":"https:\/\/ozince.com\/magaza\/wp-json\/wp\/v2\/types\/product"}],"wp:attachment":[{"href":"https:\/\/ozince.com\/magaza\/wp-json\/wp\/v2\/media?parent=9384"}],"wp:term":[{"taxonomy":"product_brand","embeddable":true,"href":"https:\/\/ozince.com\/magaza\/wp-json\/wp\/v2\/product_brand?post=9384"},{"taxonomy":"product_cat","embeddable":true,"href":"https:\/\/ozince.com\/magaza\/wp-json\/wp\/v2\/product_cat?post=9384"},{"taxonomy":"product_tag","embeddable":true,"href":"https:\/\/ozince.com\/magaza\/wp-json\/wp\/v2\/product_tag?post=9384"}],"curies":[{"name":"wp","href":"https:\/\/api.w.org\/{rel}","templated":true}]}}