{"id":9360,"date":"2026-04-07T08:16:02","date_gmt":"2026-04-07T05:16:02","guid":{"rendered":"https:\/\/ozince.com\/magaza\/kategorilenmemis\/del-es20144-12b1-oksijen-sensoru-konum-1-aveo-t250-t255-1-4-16v-2008\/"},"modified":"2026-04-07T08:16:03","modified_gmt":"2026-04-07T05:16:03","slug":"del-es20144-12b1-oksijen-sensoru-konum-1-aveo-t250-t255-1-4-16v-2008","status":"publish","type":"product","link":"https:\/\/ozince.com\/magaza\/sensor-ve-elektrik-urunleri\/del-es20144-12b1-oksijen-sensoru-konum-1-aveo-t250-t255-1-4-16v-2008\/","title":{"rendered":"DEL-ES20144-12B1 OKS\u0130JEN SENS\u00d6R\u00dc KONUM-1 AVEO T250-T255  1.4 16V 2008="},"content":{"rendered":"","protected":false},"excerpt":{"rendered":"","protected":false},"featured_media":13345,"template":"","meta":[],"product_brand":[236],"product_cat":[374],"product_tag":[378],"class_list":{"0":"post-9360","1":"product","2":"type-product","3":"status-publish","4":"has-post-thumbnail","6":"arac_markasi_modeli-aveo","7":"arac_markasi_modeli-chevrolet","8":"product_brand-delphi","9":"product_cat-sensor-ve-elektrik-urunleri","10":"product_tag-altay","12":"first","13":"instock","14":"taxable","15":"shipping-taxable","16":"purchasable","17":"product-type-simple"},"jetpack_sharing_enabled":true,"_links":{"self":[{"href":"https:\/\/ozince.com\/magaza\/wp-json\/wp\/v2\/product\/9360","targetHints":{"allow":["GET"]}}],"collection":[{"href":"https:\/\/ozince.com\/magaza\/wp-json\/wp\/v2\/product"}],"about":[{"href":"https:\/\/ozince.com\/magaza\/wp-json\/wp\/v2\/types\/product"}],"wp:featuredmedia":[{"embeddable":true,"href":"https:\/\/ozince.com\/magaza\/wp-json\/wp\/v2\/media\/13345"}],"wp:attachment":[{"href":"https:\/\/ozince.com\/magaza\/wp-json\/wp\/v2\/media?parent=9360"}],"wp:term":[{"taxonomy":"product_brand","embeddable":true,"href":"https:\/\/ozince.com\/magaza\/wp-json\/wp\/v2\/product_brand?post=9360"},{"taxonomy":"product_cat","embeddable":true,"href":"https:\/\/ozince.com\/magaza\/wp-json\/wp\/v2\/product_cat?post=9360"},{"taxonomy":"product_tag","embeddable":true,"href":"https:\/\/ozince.com\/magaza\/wp-json\/wp\/v2\/product_tag?post=9360"}],"curies":[{"name":"wp","href":"https:\/\/api.w.org\/{rel}","templated":true}]}}