{"id":9302,"date":"2026-04-13T08:12:59","date_gmt":"2026-04-13T05:12:59","guid":{"rendered":"https:\/\/ozince.com\/magaza\/kategorilenmemis\/ozg-ch15-004-silindir-kapagi-vectra-2-0-16v-vectra-b-x20xev-omega\/"},"modified":"2026-04-13T08:13:00","modified_gmt":"2026-04-13T05:13:00","slug":"ozg-ch15-004-silindir-kapagi-vectra-2-0-16v-vectra-b-x20xev-omega","status":"publish","type":"product","link":"https:\/\/ozince.com\/magaza\/motor-mekanik-urunleri\/ozg-ch15-004-silindir-kapagi-vectra-2-0-16v-vectra-b-x20xev-omega\/","title":{"rendered":"OZG-CH15-004 S\u0130L\u0130ND\u0130R KAPA\u011eI VECTRA 2.0 16V (VECTRA B) X20XEV \/ OMEGA"},"content":{"rendered":"","protected":false},"excerpt":{"rendered":"","protected":false},"featured_media":0,"template":"","meta":[],"product_brand":[440],"product_cat":[298],"product_tag":[378],"class_list":{"0":"post-9302","1":"product","2":"type-product","3":"status-publish","5":"arac_markasi_modeli-opel","6":"arac_markasi_modeli-vectra-b","7":"product_brand-ozgayd","8":"product_cat-motor-mekanik-urunleri","9":"product_tag-altay","11":"first","12":"instock","13":"taxable","14":"shipping-taxable","15":"purchasable","16":"product-type-simple"},"jetpack_sharing_enabled":true,"_links":{"self":[{"href":"https:\/\/ozince.com\/magaza\/wp-json\/wp\/v2\/product\/9302","targetHints":{"allow":["GET"]}}],"collection":[{"href":"https:\/\/ozince.com\/magaza\/wp-json\/wp\/v2\/product"}],"about":[{"href":"https:\/\/ozince.com\/magaza\/wp-json\/wp\/v2\/types\/product"}],"wp:attachment":[{"href":"https:\/\/ozince.com\/magaza\/wp-json\/wp\/v2\/media?parent=9302"}],"wp:term":[{"taxonomy":"product_brand","embeddable":true,"href":"https:\/\/ozince.com\/magaza\/wp-json\/wp\/v2\/product_brand?post=9302"},{"taxonomy":"product_cat","embeddable":true,"href":"https:\/\/ozince.com\/magaza\/wp-json\/wp\/v2\/product_cat?post=9302"},{"taxonomy":"product_tag","embeddable":true,"href":"https:\/\/ozince.com\/magaza\/wp-json\/wp\/v2\/product_tag?post=9302"}],"curies":[{"name":"wp","href":"https:\/\/api.w.org\/{rel}","templated":true}]}}