{"id":9011,"date":"2026-04-28T08:03:34","date_gmt":"2026-04-28T05:03:34","guid":{"rendered":"https:\/\/ozince.com\/magaza\/kategorilenmemis\/mhr-14302-aks-tasiyici-corsa-d-04-12-dizel-on-sol-z13dtj-z13dth-a13dtc-a13dte\/"},"modified":"2026-04-28T08:03:35","modified_gmt":"2026-04-28T05:03:35","slug":"mhr-14302-aks-tasiyici-corsa-d-04-12-dizel-on-sol-z13dtj-z13dth-a13dtc-a13dte","status":"publish","type":"product","link":"https:\/\/ozince.com\/magaza\/alt-takim-urunleri\/mhr-14302-aks-tasiyici-corsa-d-04-12-dizel-on-sol-z13dtj-z13dth-a13dtc-a13dte\/","title":{"rendered":"MHR-14302 AKS TA\u015eIYICI CORSA D 04-12 D\u0130ZEL \u00d6N SOL Z13DTJ-Z13DTH-A13DTC-A13DTE"},"content":{"rendered":"","protected":false},"excerpt":{"rendered":"","protected":false},"featured_media":15368,"template":"","meta":[],"product_brand":[288],"product_cat":[382],"product_tag":[378],"class_list":{"0":"post-9011","1":"product","2":"type-product","3":"status-publish","4":"has-post-thumbnail","6":"arac_markasi_modeli-corsa-d","7":"arac_markasi_modeli-opel","8":"product_brand-maher","9":"product_cat-alt-takim-urunleri","10":"product_tag-altay","12":"first","13":"instock","14":"taxable","15":"shipping-taxable","16":"purchasable","17":"product-type-simple"},"jetpack_sharing_enabled":true,"_links":{"self":[{"href":"https:\/\/ozince.com\/magaza\/wp-json\/wp\/v2\/product\/9011","targetHints":{"allow":["GET"]}}],"collection":[{"href":"https:\/\/ozince.com\/magaza\/wp-json\/wp\/v2\/product"}],"about":[{"href":"https:\/\/ozince.com\/magaza\/wp-json\/wp\/v2\/types\/product"}],"wp:featuredmedia":[{"embeddable":true,"href":"https:\/\/ozince.com\/magaza\/wp-json\/wp\/v2\/media\/15368"}],"wp:attachment":[{"href":"https:\/\/ozince.com\/magaza\/wp-json\/wp\/v2\/media?parent=9011"}],"wp:term":[{"taxonomy":"product_brand","embeddable":true,"href":"https:\/\/ozince.com\/magaza\/wp-json\/wp\/v2\/product_brand?post=9011"},{"taxonomy":"product_cat","embeddable":true,"href":"https:\/\/ozince.com\/magaza\/wp-json\/wp\/v2\/product_cat?post=9011"},{"taxonomy":"product_tag","embeddable":true,"href":"https:\/\/ozince.com\/magaza\/wp-json\/wp\/v2\/product_tag?post=9011"}],"curies":[{"name":"wp","href":"https:\/\/api.w.org\/{rel}","templated":true}]}}