{"id":9010,"date":"2026-04-07T08:12:58","date_gmt":"2026-04-07T05:12:58","guid":{"rendered":"https:\/\/ozince.com\/magaza\/kategorilenmemis\/est-36052-eksantrik-mili-astra-h-astra-j-insignia-a-zafira-a-z16dth-z19dtj-a20dth-a20dte-a20dtj-dokum-em\/"},"modified":"2026-04-07T08:12:59","modified_gmt":"2026-04-07T05:12:59","slug":"est-36052-eksantrik-mili-astra-h-astra-j-insignia-a-zafira-a-z16dth-z19dtj-a20dth-a20dte-a20dtj-dokum-em","status":"publish","type":"product","link":"https:\/\/ozince.com\/magaza\/motor-mekanik-urunleri\/est-36052-eksantrik-mili-astra-h-astra-j-insignia-a-zafira-a-z16dth-z19dtj-a20dth-a20dte-a20dtj-dokum-em\/","title":{"rendered":"EST-36052 EKSANTR\u0130K M\u0130L\u0130 ASTRA H \/ ASTRA J \/ INSIGNIA A \/ ZAFIRA A Z16DTH-Z19DTJ-A20DTH-A20DTE-A20DTJ D\u00d6K\u00dcM EM"},"content":{"rendered":"","protected":false},"excerpt":{"rendered":"","protected":false},"featured_media":15081,"template":"","meta":[],"product_brand":[447],"product_cat":[298],"product_tag":[378],"class_list":{"0":"post-9010","1":"product","2":"type-product","3":"status-publish","4":"has-post-thumbnail","6":"arac_markasi_modeli-astra-h","7":"arac_markasi_modeli-astra-j","8":"arac_markasi_modeli-insignia-a","9":"arac_markasi_modeli-opel","10":"arac_markasi_modeli-zafira-a","11":"product_brand-estas","12":"product_cat-motor-mekanik-urunleri","13":"product_tag-altay","15":"first","16":"instock","17":"taxable","18":"shipping-taxable","19":"purchasable","20":"product-type-simple"},"jetpack_sharing_enabled":true,"_links":{"self":[{"href":"https:\/\/ozince.com\/magaza\/wp-json\/wp\/v2\/product\/9010","targetHints":{"allow":["GET"]}}],"collection":[{"href":"https:\/\/ozince.com\/magaza\/wp-json\/wp\/v2\/product"}],"about":[{"href":"https:\/\/ozince.com\/magaza\/wp-json\/wp\/v2\/types\/product"}],"wp:featuredmedia":[{"embeddable":true,"href":"https:\/\/ozince.com\/magaza\/wp-json\/wp\/v2\/media\/15081"}],"wp:attachment":[{"href":"https:\/\/ozince.com\/magaza\/wp-json\/wp\/v2\/media?parent=9010"}],"wp:term":[{"taxonomy":"product_brand","embeddable":true,"href":"https:\/\/ozince.com\/magaza\/wp-json\/wp\/v2\/product_brand?post=9010"},{"taxonomy":"product_cat","embeddable":true,"href":"https:\/\/ozince.com\/magaza\/wp-json\/wp\/v2\/product_cat?post=9010"},{"taxonomy":"product_tag","embeddable":true,"href":"https:\/\/ozince.com\/magaza\/wp-json\/wp\/v2\/product_tag?post=9010"}],"curies":[{"name":"wp","href":"https:\/\/api.w.org\/{rel}","templated":true}]}}