{"id":8973,"date":"2026-04-10T08:08:31","date_gmt":"2026-04-10T05:08:31","guid":{"rendered":"https:\/\/ozince.com\/magaza\/kategorilenmemis\/uce-95109-hortum-turbo-kucuk-boru-corsa-c-combo-c-00-13-y17dt\/"},"modified":"2026-04-10T08:08:32","modified_gmt":"2026-04-10T05:08:32","slug":"uce-95109-hortum-turbo-kucuk-boru-corsa-c-combo-c-00-13-y17dt","status":"publish","type":"product","link":"https:\/\/ozince.com\/magaza\/motor-sogutma-ve-radyator-urunleri\/uce-95109-hortum-turbo-kucuk-boru-corsa-c-combo-c-00-13-y17dt\/","title":{"rendered":"UCE-95109 HORTUM TURBO K\u00dc\u00c7\u00dcK BORU CORSA C \/ COMBO C 00-13 Y17DT"},"content":{"rendered":"","protected":false},"excerpt":{"rendered":"","protected":false},"featured_media":15796,"template":"","meta":[],"product_brand":[414],"product_cat":[324],"product_tag":[378],"class_list":{"0":"post-8973","1":"product","2":"type-product","3":"status-publish","4":"has-post-thumbnail","6":"arac_markasi_modeli-combo-c","7":"arac_markasi_modeli-corsa-c","8":"arac_markasi_modeli-opel","9":"product_brand-ucel","10":"product_cat-motor-sogutma-ve-radyator-urunleri","11":"product_tag-altay","13":"first","14":"instock","15":"taxable","16":"shipping-taxable","17":"purchasable","18":"product-type-simple"},"jetpack_sharing_enabled":true,"_links":{"self":[{"href":"https:\/\/ozince.com\/magaza\/wp-json\/wp\/v2\/product\/8973","targetHints":{"allow":["GET"]}}],"collection":[{"href":"https:\/\/ozince.com\/magaza\/wp-json\/wp\/v2\/product"}],"about":[{"href":"https:\/\/ozince.com\/magaza\/wp-json\/wp\/v2\/types\/product"}],"wp:featuredmedia":[{"embeddable":true,"href":"https:\/\/ozince.com\/magaza\/wp-json\/wp\/v2\/media\/15796"}],"wp:attachment":[{"href":"https:\/\/ozince.com\/magaza\/wp-json\/wp\/v2\/media?parent=8973"}],"wp:term":[{"taxonomy":"product_brand","embeddable":true,"href":"https:\/\/ozince.com\/magaza\/wp-json\/wp\/v2\/product_brand?post=8973"},{"taxonomy":"product_cat","embeddable":true,"href":"https:\/\/ozince.com\/magaza\/wp-json\/wp\/v2\/product_cat?post=8973"},{"taxonomy":"product_tag","embeddable":true,"href":"https:\/\/ozince.com\/magaza\/wp-json\/wp\/v2\/product_tag?post=8973"}],"curies":[{"name":"wp","href":"https:\/\/api.w.org\/{rel}","templated":true}]}}