{"id":8934,"date":"2026-05-02T08:26:40","date_gmt":"2026-05-02T05:26:40","guid":{"rendered":"https:\/\/ozince.com\/magaza\/kategorilenmemis\/snr-r15333-teker-poryasi-astra-g-98-07-zafira-a-99-05-on-rulmanli-5-bijon-absli\/"},"modified":"2026-05-02T08:26:41","modified_gmt":"2026-05-02T05:26:41","slug":"snr-xhgb44169s01-teker-poryasi-astra-g-98-07-zafira-a-99-05-on-rulmanli-5-bijon-absli","status":"publish","type":"product","link":"https:\/\/ozince.com\/magaza\/aks-urunleri\/snr-xhgb44169s01-teker-poryasi-astra-g-98-07-zafira-a-99-05-on-rulmanli-5-bijon-absli\/","title":{"rendered":"SNR-XHGB44169S01 TEKER PORYASI ASTRA G  98-07 \/ ZAFIRA A 99-05 \u00d6N RULMANLI 5 B\u0130JON ABSL\u0130"},"content":{"rendered":"","protected":false},"excerpt":{"rendered":"","protected":false},"featured_media":15568,"template":"","meta":[],"product_brand":[308],"product_cat":[379],"product_tag":[378],"class_list":{"0":"post-8934","1":"product","2":"type-product","3":"status-publish","4":"has-post-thumbnail","6":"arac_markasi_modeli-astra-g","7":"arac_markasi_modeli-opel","8":"arac_markasi_modeli-zafira-a","9":"product_brand-snr","10":"product_cat-aks-urunleri","11":"product_tag-altay","13":"first","14":"instock","15":"taxable","16":"shipping-taxable","17":"purchasable","18":"product-type-simple"},"jetpack_sharing_enabled":true,"_links":{"self":[{"href":"https:\/\/ozince.com\/magaza\/wp-json\/wp\/v2\/product\/8934","targetHints":{"allow":["GET"]}}],"collection":[{"href":"https:\/\/ozince.com\/magaza\/wp-json\/wp\/v2\/product"}],"about":[{"href":"https:\/\/ozince.com\/magaza\/wp-json\/wp\/v2\/types\/product"}],"wp:featuredmedia":[{"embeddable":true,"href":"https:\/\/ozince.com\/magaza\/wp-json\/wp\/v2\/media\/15568"}],"wp:attachment":[{"href":"https:\/\/ozince.com\/magaza\/wp-json\/wp\/v2\/media?parent=8934"}],"wp:term":[{"taxonomy":"product_brand","embeddable":true,"href":"https:\/\/ozince.com\/magaza\/wp-json\/wp\/v2\/product_brand?post=8934"},{"taxonomy":"product_cat","embeddable":true,"href":"https:\/\/ozince.com\/magaza\/wp-json\/wp\/v2\/product_cat?post=8934"},{"taxonomy":"product_tag","embeddable":true,"href":"https:\/\/ozince.com\/magaza\/wp-json\/wp\/v2\/product_tag?post=8934"}],"curies":[{"name":"wp","href":"https:\/\/api.w.org\/{rel}","templated":true}]}}