{"id":8885,"date":"2026-04-24T08:20:49","date_gmt":"2026-04-24T05:20:49","guid":{"rendered":"https:\/\/ozince.com\/magaza\/kategorilenmemis\/sac-290393-amortisor-corsa-c-00-06-dar-delik-1-0mm-gazli-arka\/"},"modified":"2026-04-24T08:20:50","modified_gmt":"2026-04-24T05:20:50","slug":"mys-pn7212504mm-amortisor-corsa-c-00-06-dar-delik-1-0mm-gazli-arka","status":"publish","type":"product","link":"https:\/\/ozince.com\/magaza\/alt-takim-urunleri\/mys-pn7212504mm-amortisor-corsa-c-00-06-dar-delik-1-0mm-gazli-arka\/","title":{"rendered":"MYS-PN7212504MM AMORT\u0130S\u00d6R CORSA C 00-06 DAR DEL\u0130K 1.0mm GAZLI ARKA"},"content":{"rendered":"","protected":false},"excerpt":{"rendered":"","protected":false},"featured_media":0,"template":"","meta":[],"product_brand":[437],"product_cat":[382],"product_tag":[378],"class_list":{"0":"post-8885","1":"product","2":"type-product","3":"status-publish","5":"arac_markasi_modeli-corsa-c","6":"arac_markasi_modeli-opel","7":"product_brand-maysan","8":"product_cat-alt-takim-urunleri","9":"product_tag-altay","11":"first","12":"outofstock","13":"taxable","14":"shipping-taxable","15":"purchasable","16":"product-type-simple"},"jetpack_sharing_enabled":true,"_links":{"self":[{"href":"https:\/\/ozince.com\/magaza\/wp-json\/wp\/v2\/product\/8885","targetHints":{"allow":["GET"]}}],"collection":[{"href":"https:\/\/ozince.com\/magaza\/wp-json\/wp\/v2\/product"}],"about":[{"href":"https:\/\/ozince.com\/magaza\/wp-json\/wp\/v2\/types\/product"}],"wp:attachment":[{"href":"https:\/\/ozince.com\/magaza\/wp-json\/wp\/v2\/media?parent=8885"}],"wp:term":[{"taxonomy":"product_brand","embeddable":true,"href":"https:\/\/ozince.com\/magaza\/wp-json\/wp\/v2\/product_brand?post=8885"},{"taxonomy":"product_cat","embeddable":true,"href":"https:\/\/ozince.com\/magaza\/wp-json\/wp\/v2\/product_cat?post=8885"},{"taxonomy":"product_tag","embeddable":true,"href":"https:\/\/ozince.com\/magaza\/wp-json\/wp\/v2\/product_tag?post=8885"}],"curies":[{"name":"wp","href":"https:\/\/api.w.org\/{rel}","templated":true}]}}