{"id":8776,"date":"2026-04-17T08:17:15","date_gmt":"2026-04-17T05:17:15","guid":{"rendered":"https:\/\/ozince.com\/magaza\/kategorilenmemis\/elr-808-524-silindir-kapak-conta-astra-g-astra-h-meriva-vectra-c-z16xep\/"},"modified":"2026-04-17T08:17:16","modified_gmt":"2026-04-17T05:17:16","slug":"vr-61-37670-00-silindir-kapak-conta-astra-g-astra-h-meriva-vectra-c-z16xep","status":"publish","type":"product","link":"https:\/\/ozince.com\/magaza\/motor-mekanik-urunleri\/vr-61-37670-00-silindir-kapak-conta-astra-g-astra-h-meriva-vectra-c-z16xep\/","title":{"rendered":"VR-61-37670-00 S\u0130L\u0130ND\u0130R KAPAK CONTA ASTRA G \/ ASTRA H \/ MER\u0130VA \/ VECTRA C Z16XEP"},"content":{"rendered":"","protected":false},"excerpt":{"rendered":"","protected":false},"featured_media":14580,"template":"","meta":[],"product_brand":[422],"product_cat":[298],"product_tag":[378],"class_list":{"0":"post-8776","1":"product","2":"type-product","3":"status-publish","4":"has-post-thumbnail","6":"arac_markasi_modeli-astra-g","7":"arac_markasi_modeli-astra-h","8":"arac_markasi_modeli-meriva","9":"arac_markasi_modeli-opel","10":"arac_markasi_modeli-vectra-c","11":"product_brand-v-reinz","12":"product_cat-motor-mekanik-urunleri","13":"product_tag-altay","15":"first","16":"instock","17":"taxable","18":"shipping-taxable","19":"purchasable","20":"product-type-simple"},"jetpack_sharing_enabled":true,"_links":{"self":[{"href":"https:\/\/ozince.com\/magaza\/wp-json\/wp\/v2\/product\/8776","targetHints":{"allow":["GET"]}}],"collection":[{"href":"https:\/\/ozince.com\/magaza\/wp-json\/wp\/v2\/product"}],"about":[{"href":"https:\/\/ozince.com\/magaza\/wp-json\/wp\/v2\/types\/product"}],"wp:featuredmedia":[{"embeddable":true,"href":"https:\/\/ozince.com\/magaza\/wp-json\/wp\/v2\/media\/14580"}],"wp:attachment":[{"href":"https:\/\/ozince.com\/magaza\/wp-json\/wp\/v2\/media?parent=8776"}],"wp:term":[{"taxonomy":"product_brand","embeddable":true,"href":"https:\/\/ozince.com\/magaza\/wp-json\/wp\/v2\/product_brand?post=8776"},{"taxonomy":"product_cat","embeddable":true,"href":"https:\/\/ozince.com\/magaza\/wp-json\/wp\/v2\/product_cat?post=8776"},{"taxonomy":"product_tag","embeddable":true,"href":"https:\/\/ozince.com\/magaza\/wp-json\/wp\/v2\/product_tag?post=8776"}],"curies":[{"name":"wp","href":"https:\/\/api.w.org\/{rel}","templated":true}]}}