{"id":8679,"date":"2026-04-14T08:10:51","date_gmt":"2026-04-14T05:10:51","guid":{"rendered":"https:\/\/ozince.com\/magaza\/kategorilenmemis\/ozg-ch15-001-silindir-kapagi-vectra-1-8-8v-vectra-a-c18nz-18sv\/"},"modified":"2026-04-14T08:10:51","modified_gmt":"2026-04-14T05:10:51","slug":"ozg-ch15-001-silindir-kapagi-vectra-1-8-8v-vectra-a-c18nz-18sv","status":"publish","type":"product","link":"https:\/\/ozince.com\/magaza\/motor-mekanik-urunleri\/ozg-ch15-001-silindir-kapagi-vectra-1-8-8v-vectra-a-c18nz-18sv\/","title":{"rendered":"OZG-CH15-001 S\u0130L\u0130ND\u0130R KAPA\u011eI VECTRA 1.8 8V (VECTRA A) C18NZ-18SV"},"content":{"rendered":"","protected":false},"excerpt":{"rendered":"","protected":false},"featured_media":15522,"template":"","meta":[],"product_brand":[440],"product_cat":[298],"product_tag":[378],"class_list":{"0":"post-8679","1":"product","2":"type-product","3":"status-publish","4":"has-post-thumbnail","6":"arac_markasi_modeli-opel","7":"arac_markasi_modeli-vectra-a","8":"product_brand-ozgayd","9":"product_cat-motor-mekanik-urunleri","10":"product_tag-altay","12":"first","13":"instock","14":"taxable","15":"shipping-taxable","16":"purchasable","17":"product-type-simple"},"jetpack_sharing_enabled":true,"_links":{"self":[{"href":"https:\/\/ozince.com\/magaza\/wp-json\/wp\/v2\/product\/8679","targetHints":{"allow":["GET"]}}],"collection":[{"href":"https:\/\/ozince.com\/magaza\/wp-json\/wp\/v2\/product"}],"about":[{"href":"https:\/\/ozince.com\/magaza\/wp-json\/wp\/v2\/types\/product"}],"wp:featuredmedia":[{"embeddable":true,"href":"https:\/\/ozince.com\/magaza\/wp-json\/wp\/v2\/media\/15522"}],"wp:attachment":[{"href":"https:\/\/ozince.com\/magaza\/wp-json\/wp\/v2\/media?parent=8679"}],"wp:term":[{"taxonomy":"product_brand","embeddable":true,"href":"https:\/\/ozince.com\/magaza\/wp-json\/wp\/v2\/product_brand?post=8679"},{"taxonomy":"product_cat","embeddable":true,"href":"https:\/\/ozince.com\/magaza\/wp-json\/wp\/v2\/product_cat?post=8679"},{"taxonomy":"product_tag","embeddable":true,"href":"https:\/\/ozince.com\/magaza\/wp-json\/wp\/v2\/product_tag?post=8679"}],"curies":[{"name":"wp","href":"https:\/\/api.w.org\/{rel}","templated":true}]}}