{"id":8660,"date":"2026-05-01T08:11:56","date_gmt":"2026-05-01T05:11:56","guid":{"rendered":"https:\/\/ozince.com\/magaza\/kategorilenmemis\/vr-14-10014-01-civata-silindir-kapak-saplama-tk-insignia-b-astra-k-b15sfl-b14xnt\/"},"modified":"2026-05-01T08:11:57","modified_gmt":"2026-05-01T05:11:57","slug":"vr-14-10014-01-civata-silindir-kapak-saplama-tk-insignia-b-astra-k-b15sfl-b14xnt","status":"publish","type":"product","link":"https:\/\/ozince.com\/magaza\/motor-mekanik-urunleri\/vr-14-10014-01-civata-silindir-kapak-saplama-tk-insignia-b-astra-k-b15sfl-b14xnt\/","title":{"rendered":"VR-14-10014-01 C\u0130VATA S\u0130L\u0130ND\u0130R KAPAK SAPLAMA TK. INSIGNIA B \/ ASTRA K B15SFL-B14XNT"},"content":{"rendered":"","protected":false},"excerpt":{"rendered":"","protected":false},"featured_media":0,"template":"","meta":[],"product_brand":[422],"product_cat":[298],"product_tag":[378],"class_list":{"0":"post-8660","1":"product","2":"type-product","3":"status-publish","5":"arac_markasi_modeli-astra-k","6":"arac_markasi_modeli-insignia-b","7":"arac_markasi_modeli-opel","8":"product_brand-v-reinz","9":"product_cat-motor-mekanik-urunleri","10":"product_tag-altay","12":"first","13":"outofstock","14":"taxable","15":"shipping-taxable","16":"purchasable","17":"product-type-simple"},"jetpack_sharing_enabled":true,"_links":{"self":[{"href":"https:\/\/ozince.com\/magaza\/wp-json\/wp\/v2\/product\/8660","targetHints":{"allow":["GET"]}}],"collection":[{"href":"https:\/\/ozince.com\/magaza\/wp-json\/wp\/v2\/product"}],"about":[{"href":"https:\/\/ozince.com\/magaza\/wp-json\/wp\/v2\/types\/product"}],"wp:attachment":[{"href":"https:\/\/ozince.com\/magaza\/wp-json\/wp\/v2\/media?parent=8660"}],"wp:term":[{"taxonomy":"product_brand","embeddable":true,"href":"https:\/\/ozince.com\/magaza\/wp-json\/wp\/v2\/product_brand?post=8660"},{"taxonomy":"product_cat","embeddable":true,"href":"https:\/\/ozince.com\/magaza\/wp-json\/wp\/v2\/product_cat?post=8660"},{"taxonomy":"product_tag","embeddable":true,"href":"https:\/\/ozince.com\/magaza\/wp-json\/wp\/v2\/product_tag?post=8660"}],"curies":[{"name":"wp","href":"https:\/\/api.w.org\/{rel}","templated":true}]}}