{"id":8555,"date":"2026-04-10T08:13:15","date_gmt":"2026-04-10T05:13:15","guid":{"rendered":"https:\/\/ozince.com\/magaza\/kategorilenmemis\/sac-3182654205-debriyaj-rulmani-hidrolik-vectra-b-astra-g-x18xe-x20ev-x20dtl-y20dtl\/"},"modified":"2026-04-10T08:13:16","modified_gmt":"2026-04-10T05:13:16","slug":"luk-510000210-debriyaj-rulmani-hidrolik-vectra-b-astra-g-x18xe-x20ev-x20dtl-y20dtl","status":"publish","type":"product","link":"https:\/\/ozince.com\/magaza\/debriyaj-ve-sanziman-urunleri\/luk-510000210-debriyaj-rulmani-hidrolik-vectra-b-astra-g-x18xe-x20ev-x20dtl-y20dtl\/","title":{"rendered":"LUK-510000210 DEBR\u0130YAJ RULMANI H\u0130DROL\u0130K VECTRA B \/ ASTRA G X18XE-X20EV-X20DTL-Y20DTL"},"content":{"rendered":"","protected":false},"excerpt":{"rendered":"","protected":false},"featured_media":13364,"template":"","meta":[],"product_brand":[234],"product_cat":[347],"product_tag":[378],"class_list":{"0":"post-8555","1":"product","2":"type-product","3":"status-publish","4":"has-post-thumbnail","6":"arac_markasi_modeli-astra-g","7":"arac_markasi_modeli-opel","8":"arac_markasi_modeli-vectra-b","9":"product_brand-luk","10":"product_cat-debriyaj-ve-sanziman-urunleri","11":"product_tag-altay","13":"first","14":"outofstock","15":"taxable","16":"shipping-taxable","17":"purchasable","18":"product-type-simple"},"jetpack_sharing_enabled":true,"_links":{"self":[{"href":"https:\/\/ozince.com\/magaza\/wp-json\/wp\/v2\/product\/8555","targetHints":{"allow":["GET"]}}],"collection":[{"href":"https:\/\/ozince.com\/magaza\/wp-json\/wp\/v2\/product"}],"about":[{"href":"https:\/\/ozince.com\/magaza\/wp-json\/wp\/v2\/types\/product"}],"wp:featuredmedia":[{"embeddable":true,"href":"https:\/\/ozince.com\/magaza\/wp-json\/wp\/v2\/media\/13364"}],"wp:attachment":[{"href":"https:\/\/ozince.com\/magaza\/wp-json\/wp\/v2\/media?parent=8555"}],"wp:term":[{"taxonomy":"product_brand","embeddable":true,"href":"https:\/\/ozince.com\/magaza\/wp-json\/wp\/v2\/product_brand?post=8555"},{"taxonomy":"product_cat","embeddable":true,"href":"https:\/\/ozince.com\/magaza\/wp-json\/wp\/v2\/product_cat?post=8555"},{"taxonomy":"product_tag","embeddable":true,"href":"https:\/\/ozince.com\/magaza\/wp-json\/wp\/v2\/product_tag?post=8555"}],"curies":[{"name":"wp","href":"https:\/\/api.w.org\/{rel}","templated":true}]}}