{"id":8331,"date":"2026-04-15T08:14:14","date_gmt":"2026-04-15T05:14:14","guid":{"rendered":"https:\/\/ozince.com\/magaza\/kategorilenmemis\/del-gn10212-12b1-atesleme-bobini-vectra-b-95-03-2-0-astra-f-91-98-2-0-astra-g-98-05-2-0-16v-vectra-a-88-95-2-0-x20xev-c20sel\/"},"modified":"2026-04-15T08:14:15","modified_gmt":"2026-04-15T05:14:15","slug":"hel-5da358000-291-atesleme-bobini-vectra-b-95-03-2-0-astra-f-91-98-2-0-astra-g-98-05-2-0-16v-vectra-a-88-95-2-0-x20xev-c20sel","status":"publish","type":"product","link":"https:\/\/ozince.com\/magaza\/sensor-ve-elektrik-urunleri\/hel-5da358000-291-atesleme-bobini-vectra-b-95-03-2-0-astra-f-91-98-2-0-astra-g-98-05-2-0-16v-vectra-a-88-95-2-0-x20xev-c20sel\/","title":{"rendered":"HEL-5DA358000-291 ATE\u015eLEME BOB\u0130N\u0130 VECTRA B 95-03 2.0 \/ ASTRA F 91-98 2.0 \/ ASTRA G 98-05 2.0 16V \/ VECTRA A 88-95 2.0 \/ X20XEV-C20SEL"},"content":{"rendered":"","protected":false},"excerpt":{"rendered":"","protected":false},"featured_media":12285,"template":"","meta":[],"product_brand":[199],"product_cat":[374],"product_tag":[378],"class_list":{"0":"post-8331","1":"product","2":"type-product","3":"status-publish","4":"has-post-thumbnail","6":"arac_markasi_modeli-astra-f","7":"arac_markasi_modeli-astra-g","8":"arac_markasi_modeli-opel","9":"arac_markasi_modeli-vectra-a","10":"arac_markasi_modeli-vectra-b","11":"product_brand-hella","12":"product_cat-sensor-ve-elektrik-urunleri","13":"product_tag-altay","15":"first","16":"outofstock","17":"taxable","18":"shipping-taxable","19":"purchasable","20":"product-type-simple"},"jetpack_sharing_enabled":true,"_links":{"self":[{"href":"https:\/\/ozince.com\/magaza\/wp-json\/wp\/v2\/product\/8331","targetHints":{"allow":["GET"]}}],"collection":[{"href":"https:\/\/ozince.com\/magaza\/wp-json\/wp\/v2\/product"}],"about":[{"href":"https:\/\/ozince.com\/magaza\/wp-json\/wp\/v2\/types\/product"}],"wp:featuredmedia":[{"embeddable":true,"href":"https:\/\/ozince.com\/magaza\/wp-json\/wp\/v2\/media\/12285"}],"wp:attachment":[{"href":"https:\/\/ozince.com\/magaza\/wp-json\/wp\/v2\/media?parent=8331"}],"wp:term":[{"taxonomy":"product_brand","embeddable":true,"href":"https:\/\/ozince.com\/magaza\/wp-json\/wp\/v2\/product_brand?post=8331"},{"taxonomy":"product_cat","embeddable":true,"href":"https:\/\/ozince.com\/magaza\/wp-json\/wp\/v2\/product_cat?post=8331"},{"taxonomy":"product_tag","embeddable":true,"href":"https:\/\/ozince.com\/magaza\/wp-json\/wp\/v2\/product_tag?post=8331"}],"curies":[{"name":"wp","href":"https:\/\/api.w.org\/{rel}","templated":true}]}}