{"id":8326,"date":"2026-04-07T08:08:53","date_gmt":"2026-04-07T05:08:53","guid":{"rendered":"https:\/\/ozince.com\/magaza\/kategorilenmemis\/gates-5542xs-triger-kayisi-168-dis-astra-g-astra-h-zafira-a-z20let-z20ler\/"},"modified":"2026-04-07T08:08:54","modified_gmt":"2026-04-07T05:08:54","slug":"gates-5542xs-triger-kayisi-168-dis-astra-g-astra-h-zafira-a-z20let-z20ler","status":"publish","type":"product","link":"https:\/\/ozince.com\/magaza\/motor-mekanik-urunleri\/gates-5542xs-triger-kayisi-168-dis-astra-g-astra-h-zafira-a-z20let-z20ler\/","title":{"rendered":"GATES-5542XS TR\u0130GER KAYI\u015eI (168 D\u0130\u015e) ASTRA G \/ ASTRA H \/ ZAF\u0130RA A Z20LET-Z20LER"},"content":{"rendered":"","protected":false},"excerpt":{"rendered":"","protected":false},"featured_media":13661,"template":"","meta":[],"product_brand":[299],"product_cat":[298],"product_tag":[378],"class_list":{"0":"post-8326","1":"product","2":"type-product","3":"status-publish","4":"has-post-thumbnail","6":"arac_markasi_modeli-astra-g","7":"arac_markasi_modeli-astra-h","8":"arac_markasi_modeli-opel","9":"arac_markasi_modeli-zafira-a","10":"product_brand-gates","11":"product_cat-motor-mekanik-urunleri","12":"product_tag-altay","14":"first","15":"instock","16":"taxable","17":"shipping-taxable","18":"purchasable","19":"product-type-simple"},"jetpack_sharing_enabled":true,"_links":{"self":[{"href":"https:\/\/ozince.com\/magaza\/wp-json\/wp\/v2\/product\/8326","targetHints":{"allow":["GET"]}}],"collection":[{"href":"https:\/\/ozince.com\/magaza\/wp-json\/wp\/v2\/product"}],"about":[{"href":"https:\/\/ozince.com\/magaza\/wp-json\/wp\/v2\/types\/product"}],"wp:featuredmedia":[{"embeddable":true,"href":"https:\/\/ozince.com\/magaza\/wp-json\/wp\/v2\/media\/13661"}],"wp:attachment":[{"href":"https:\/\/ozince.com\/magaza\/wp-json\/wp\/v2\/media?parent=8326"}],"wp:term":[{"taxonomy":"product_brand","embeddable":true,"href":"https:\/\/ozince.com\/magaza\/wp-json\/wp\/v2\/product_brand?post=8326"},{"taxonomy":"product_cat","embeddable":true,"href":"https:\/\/ozince.com\/magaza\/wp-json\/wp\/v2\/product_cat?post=8326"},{"taxonomy":"product_tag","embeddable":true,"href":"https:\/\/ozince.com\/magaza\/wp-json\/wp\/v2\/product_tag?post=8326"}],"curies":[{"name":"wp","href":"https:\/\/api.w.org\/{rel}","templated":true}]}}