{"id":8282,"date":"2026-04-06T08:16:48","date_gmt":"2026-04-06T05:16:48","guid":{"rendered":"https:\/\/ozince.com\/magaza\/kategorilenmemis\/sac-3182654232-debriyaj-rulmani-hidrolik-astra-j-astra-h-corsa-d-a13dte-z13dth-a14net-b14net-b16dth-a16hxt-z17dth-z19dt\/"},"modified":"2026-04-06T08:16:49","modified_gmt":"2026-04-06T05:16:49","slug":"blp-adl143604-debriyaj-rulmani-hidrolik-astra-j-astra-h-corsa-d-a13dte-z13dth-a14net-b14net-b16dth-a16hxt-z17dth-z19dt","status":"publish","type":"product","link":"https:\/\/ozince.com\/magaza\/debriyaj-ve-sanziman-urunleri\/blp-adl143604-debriyaj-rulmani-hidrolik-astra-j-astra-h-corsa-d-a13dte-z13dth-a14net-b14net-b16dth-a16hxt-z17dth-z19dt\/","title":{"rendered":"BLP-ADL143604 DEBR\u0130YAJ RULMANI H\u0130DROL\u0130K ASTRA J \/ ASTRA H \/ CORSA D A13DTE-Z13DTH-A14NET-B14NET-B16DTH-A16HXT-Z17DTH-Z19DT"},"content":{"rendered":"","protected":false},"excerpt":{"rendered":"","protected":false},"featured_media":13140,"template":"","meta":[],"product_brand":[416],"product_cat":[347],"product_tag":[378],"class_list":{"0":"post-8282","1":"product","2":"type-product","3":"status-publish","4":"has-post-thumbnail","6":"arac_markasi_modeli-astra-h","7":"arac_markasi_modeli-astra-j","8":"arac_markasi_modeli-corsa-d","9":"arac_markasi_modeli-opel","10":"product_brand-blueprin","11":"product_cat-debriyaj-ve-sanziman-urunleri","12":"product_tag-altay","14":"first","15":"instock","16":"taxable","17":"shipping-taxable","18":"purchasable","19":"product-type-simple"},"jetpack_sharing_enabled":true,"_links":{"self":[{"href":"https:\/\/ozince.com\/magaza\/wp-json\/wp\/v2\/product\/8282","targetHints":{"allow":["GET"]}}],"collection":[{"href":"https:\/\/ozince.com\/magaza\/wp-json\/wp\/v2\/product"}],"about":[{"href":"https:\/\/ozince.com\/magaza\/wp-json\/wp\/v2\/types\/product"}],"wp:featuredmedia":[{"embeddable":true,"href":"https:\/\/ozince.com\/magaza\/wp-json\/wp\/v2\/media\/13140"}],"wp:attachment":[{"href":"https:\/\/ozince.com\/magaza\/wp-json\/wp\/v2\/media?parent=8282"}],"wp:term":[{"taxonomy":"product_brand","embeddable":true,"href":"https:\/\/ozince.com\/magaza\/wp-json\/wp\/v2\/product_brand?post=8282"},{"taxonomy":"product_cat","embeddable":true,"href":"https:\/\/ozince.com\/magaza\/wp-json\/wp\/v2\/product_cat?post=8282"},{"taxonomy":"product_tag","embeddable":true,"href":"https:\/\/ozince.com\/magaza\/wp-json\/wp\/v2\/product_tag?post=8282"}],"curies":[{"name":"wp","href":"https:\/\/api.w.org\/{rel}","templated":true}]}}