{"id":8081,"date":"2026-04-07T08:20:49","date_gmt":"2026-04-07T05:20:49","guid":{"rendered":"https:\/\/ozince.com\/magaza\/kategorilenmemis\/vr-61-34205-00-silindir-kapak-conta-astra-g-astra-h-vectra-b-vectra-c-zafira-signum-x18xe-z18xe\/"},"modified":"2026-04-07T08:20:51","modified_gmt":"2026-04-07T05:20:51","slug":"elr-128-231-silindir-kapak-conta-astra-g-astra-h-vectra-b-vectra-c-zafira-signum-x18xe-z18xe","status":"publish","type":"product","link":"https:\/\/ozince.com\/magaza\/motor-mekanik-urunleri\/elr-128-231-silindir-kapak-conta-astra-g-astra-h-vectra-b-vectra-c-zafira-signum-x18xe-z18xe\/","title":{"rendered":"ELR-128.231 S\u0130L\u0130ND\u0130R KAPAK CONTA ASTRA G \/ ASTRA H \/ VECTRA B \/ VECTRA C \/ ZAF\u0130RA \/ SIGNUM X18XE-Z18XE"},"content":{"rendered":"","protected":false},"excerpt":{"rendered":"","protected":false},"featured_media":12008,"template":"","meta":[],"product_brand":[421],"product_cat":[298],"product_tag":[378],"class_list":{"0":"post-8081","1":"product","2":"type-product","3":"status-publish","4":"has-post-thumbnail","6":"arac_markasi_modeli-astra-g","7":"arac_markasi_modeli-astra-h","8":"arac_markasi_modeli-opel","9":"arac_markasi_modeli-vectra-b","10":"arac_markasi_modeli-vectra-c","11":"product_brand-elring","12":"product_cat-motor-mekanik-urunleri","13":"product_tag-altay","15":"first","16":"instock","17":"taxable","18":"shipping-taxable","19":"purchasable","20":"product-type-simple"},"jetpack_sharing_enabled":true,"_links":{"self":[{"href":"https:\/\/ozince.com\/magaza\/wp-json\/wp\/v2\/product\/8081","targetHints":{"allow":["GET"]}}],"collection":[{"href":"https:\/\/ozince.com\/magaza\/wp-json\/wp\/v2\/product"}],"about":[{"href":"https:\/\/ozince.com\/magaza\/wp-json\/wp\/v2\/types\/product"}],"wp:featuredmedia":[{"embeddable":true,"href":"https:\/\/ozince.com\/magaza\/wp-json\/wp\/v2\/media\/12008"}],"wp:attachment":[{"href":"https:\/\/ozince.com\/magaza\/wp-json\/wp\/v2\/media?parent=8081"}],"wp:term":[{"taxonomy":"product_brand","embeddable":true,"href":"https:\/\/ozince.com\/magaza\/wp-json\/wp\/v2\/product_brand?post=8081"},{"taxonomy":"product_cat","embeddable":true,"href":"https:\/\/ozince.com\/magaza\/wp-json\/wp\/v2\/product_cat?post=8081"},{"taxonomy":"product_tag","embeddable":true,"href":"https:\/\/ozince.com\/magaza\/wp-json\/wp\/v2\/product_tag?post=8081"}],"curies":[{"name":"wp","href":"https:\/\/api.w.org\/{rel}","templated":true}]}}