{"id":8070,"date":"2026-04-13T08:07:37","date_gmt":"2026-04-13T05:07:37","guid":{"rendered":"https:\/\/ozince.com\/magaza\/kategorilenmemis\/vr-61-33580-30-silindir-kapak-conta-astra-g-98-07-astra-f-91-98-vectra-a-88-95-1-7d-dt-x17dtl-1-3mm\/"},"modified":"2026-04-13T08:07:38","modified_gmt":"2026-04-13T05:07:38","slug":"vr-61-33580-30-silindir-kapak-conta-astra-g-98-07-astra-f-91-98-vectra-a-88-95-1-7d-dt-x17dtl-1-3mm","status":"publish","type":"product","link":"https:\/\/ozince.com\/magaza\/motor-mekanik-urunleri\/vr-61-33580-30-silindir-kapak-conta-astra-g-98-07-astra-f-91-98-vectra-a-88-95-1-7d-dt-x17dtl-1-3mm\/","title":{"rendered":"VR-61-33580-30 S\u0130L\u0130ND\u0130R KAPAK CONTA ASTRA G  98-07 \/ ASTRA F 91-98 \/ VECTRA A 88-95 \/ 1.7D-DT (X17DTL) 1.3mm"},"content":{"rendered":"","protected":false},"excerpt":{"rendered":"","protected":false},"featured_media":14089,"template":"","meta":[],"product_brand":[422],"product_cat":[298],"product_tag":[378],"class_list":{"0":"post-8070","1":"product","2":"type-product","3":"status-publish","4":"has-post-thumbnail","6":"arac_markasi_modeli-astra-f","7":"arac_markasi_modeli-astra-g","8":"arac_markasi_modeli-opel","9":"arac_markasi_modeli-vectra-a","10":"product_brand-v-reinz","11":"product_cat-motor-mekanik-urunleri","12":"product_tag-altay","14":"first","15":"instock","16":"taxable","17":"shipping-taxable","18":"purchasable","19":"product-type-simple"},"jetpack_sharing_enabled":true,"_links":{"self":[{"href":"https:\/\/ozince.com\/magaza\/wp-json\/wp\/v2\/product\/8070","targetHints":{"allow":["GET"]}}],"collection":[{"href":"https:\/\/ozince.com\/magaza\/wp-json\/wp\/v2\/product"}],"about":[{"href":"https:\/\/ozince.com\/magaza\/wp-json\/wp\/v2\/types\/product"}],"wp:featuredmedia":[{"embeddable":true,"href":"https:\/\/ozince.com\/magaza\/wp-json\/wp\/v2\/media\/14089"}],"wp:attachment":[{"href":"https:\/\/ozince.com\/magaza\/wp-json\/wp\/v2\/media?parent=8070"}],"wp:term":[{"taxonomy":"product_brand","embeddable":true,"href":"https:\/\/ozince.com\/magaza\/wp-json\/wp\/v2\/product_brand?post=8070"},{"taxonomy":"product_cat","embeddable":true,"href":"https:\/\/ozince.com\/magaza\/wp-json\/wp\/v2\/product_cat?post=8070"},{"taxonomy":"product_tag","embeddable":true,"href":"https:\/\/ozince.com\/magaza\/wp-json\/wp\/v2\/product_tag?post=8070"}],"curies":[{"name":"wp","href":"https:\/\/api.w.org\/{rel}","templated":true}]}}