{"id":8046,"date":"2026-04-10T08:06:26","date_gmt":"2026-04-10T05:06:26","guid":{"rendered":"https:\/\/ozince.com\/magaza\/kategorilenmemis\/swg-40949641-yedek-su-deposu-vectra-b-96-01-1-6i-16v-1-7td-1-8i-16v-2-0i-16v-cift-cikis\/"},"modified":"2026-04-10T08:06:27","modified_gmt":"2026-04-10T05:06:27","slug":"tpr-206903001-yedek-su-deposu-vectra-b-96-01-1-6i-16v-1-7td-1-8i-16v-2-0i-16v-cift-cikis","status":"publish","type":"product","link":"https:\/\/ozince.com\/magaza\/karoseri-ve-kaporta-urunleri\/tpr-206903001-yedek-su-deposu-vectra-b-96-01-1-6i-16v-1-7td-1-8i-16v-2-0i-16v-cift-cikis\/","title":{"rendered":"TPR-206903001 YEDEK SU DEPOSU VECTRA B 96-01 1.6I 16V-1.7TD-1.8I 16V-2.0I 16V \u00c7\u0130FT \u00c7IKI\u015e"},"content":{"rendered":"","protected":false},"excerpt":{"rendered":"","protected":false},"featured_media":0,"template":"","meta":[],"product_brand":[336],"product_cat":[351],"product_tag":[378],"class_list":{"0":"post-8046","1":"product","2":"type-product","3":"status-publish","5":"arac_markasi_modeli-opel","6":"arac_markasi_modeli-vectra-b","7":"product_brand-topran","8":"product_cat-karoseri-ve-kaporta-urunleri","9":"product_tag-altay","11":"first","12":"instock","13":"taxable","14":"shipping-taxable","15":"purchasable","16":"product-type-simple"},"jetpack_sharing_enabled":true,"_links":{"self":[{"href":"https:\/\/ozince.com\/magaza\/wp-json\/wp\/v2\/product\/8046","targetHints":{"allow":["GET"]}}],"collection":[{"href":"https:\/\/ozince.com\/magaza\/wp-json\/wp\/v2\/product"}],"about":[{"href":"https:\/\/ozince.com\/magaza\/wp-json\/wp\/v2\/types\/product"}],"wp:attachment":[{"href":"https:\/\/ozince.com\/magaza\/wp-json\/wp\/v2\/media?parent=8046"}],"wp:term":[{"taxonomy":"product_brand","embeddable":true,"href":"https:\/\/ozince.com\/magaza\/wp-json\/wp\/v2\/product_brand?post=8046"},{"taxonomy":"product_cat","embeddable":true,"href":"https:\/\/ozince.com\/magaza\/wp-json\/wp\/v2\/product_cat?post=8046"},{"taxonomy":"product_tag","embeddable":true,"href":"https:\/\/ozince.com\/magaza\/wp-json\/wp\/v2\/product_tag?post=8046"}],"curies":[{"name":"wp","href":"https:\/\/api.w.org\/{rel}","templated":true}]}}