{"id":6525,"date":"2025-10-07T17:32:06","date_gmt":"2025-10-07T14:32:06","guid":{"rendered":"https:\/\/ozince.com\/magaza\/?post_type=product&#038;p=6525"},"modified":"2025-10-07T17:32:06","modified_gmt":"2025-10-07T14:32:06","slug":"psa-1680880180-opel-insignia-b-on-fren-balatasi-17-inc","status":"publish","type":"product","link":"https:\/\/ozince.com\/magaza\/fren-sistemi-urunleri\/psa-1680880180-opel-insignia-b-on-fren-balatasi-17-inc\/","title":{"rendered":"PSA 1680880180 OPEL \u0130NS\u0130GN\u0130A B \u00d6N FREN BALATASI (17 \u0130N\u00c7)"},"content":{"rendered":"<p>\u00dcR\u00dcN OPEL \u0130NS\u0130GN\u0130A B (17 \u0130N\u00c7) MODEL\u0130NE UYGUNDUR.<\/p>\n<p>OR\u0130J\u0130NAL \u00dcR\u00dcND\u00dcR.<\/p>\n<p>TEKN\u0130K B\u0130LG\u0130:<\/p>\n<p>GEN\u0130\u015eL\u0130K (MM): 142<br \/>\nY\u00dcKSEKL\u0130K (MM): 64<br \/>\nKALINLIK (MM): 19<\/p>\n","protected":false},"excerpt":{"rendered":"<p>\u00dcR\u00dcN OPEL \u0130NS\u0130GN\u0130A B (17 \u0130N\u00c7) MODEL\u0130NE UYGUNDUR. OR\u0130J\u0130NAL \u00dcR\u00dcND\u00dcR. TEKN\u0130K B\u0130LG\u0130: GEN\u0130\u015eL\u0130K (MM): 142 Y\u00dcKSEKL\u0130K (MM): 64 KALINLIK (MM): 19<\/p>\n","protected":false},"featured_media":6526,"template":"","meta":[],"product_brand":[293],"product_cat":[257],"product_tag":[],"class_list":{"0":"post-6525","1":"product","2":"type-product","3":"status-publish","4":"has-post-thumbnail","6":"arac_markasi_modeli-insignia-b","7":"arac_markasi_modeli-opel","8":"product_brand-psa","9":"product_cat-fren-sistemi-urunleri","11":"first","12":"instock","13":"taxable","14":"shipping-taxable","15":"purchasable","16":"product-type-simple"},"jetpack_sharing_enabled":true,"_links":{"self":[{"href":"https:\/\/ozince.com\/magaza\/wp-json\/wp\/v2\/product\/6525","targetHints":{"allow":["GET"]}}],"collection":[{"href":"https:\/\/ozince.com\/magaza\/wp-json\/wp\/v2\/product"}],"about":[{"href":"https:\/\/ozince.com\/magaza\/wp-json\/wp\/v2\/types\/product"}],"wp:featuredmedia":[{"embeddable":true,"href":"https:\/\/ozince.com\/magaza\/wp-json\/wp\/v2\/media\/6526"}],"wp:attachment":[{"href":"https:\/\/ozince.com\/magaza\/wp-json\/wp\/v2\/media?parent=6525"}],"wp:term":[{"taxonomy":"product_brand","embeddable":true,"href":"https:\/\/ozince.com\/magaza\/wp-json\/wp\/v2\/product_brand?post=6525"},{"taxonomy":"product_cat","embeddable":true,"href":"https:\/\/ozince.com\/magaza\/wp-json\/wp\/v2\/product_cat?post=6525"},{"taxonomy":"product_tag","embeddable":true,"href":"https:\/\/ozince.com\/magaza\/wp-json\/wp\/v2\/product_tag?post=6525"}],"curies":[{"name":"wp","href":"https:\/\/api.w.org\/{rel}","templated":true}]}}