{"id":6276,"date":"2025-09-24T16:35:03","date_gmt":"2025-09-24T13:35:03","guid":{"rendered":"https:\/\/ozince.com\/magaza\/?post_type=product&#038;p=6276"},"modified":"2025-09-24T16:35:03","modified_gmt":"2025-09-24T13:35:03","slug":"skf-vkma-05150-opel-astra-f-corsa-b-1-6-16-valf-triger-seti","status":"publish","type":"product","link":"https:\/\/ozince.com\/magaza\/motor-mekanik-urunleri\/skf-vkma-05150-opel-astra-f-corsa-b-1-6-16-valf-triger-seti\/","title":{"rendered":"SKF VKMA 05150 OPEL ASTRA F &#8211; CORSA B 1.6 16 VALF TR\u0130GER SET\u0130"},"content":{"rendered":"<p>\u00dcR\u00dcN OPEL VECTRA B &#8211; ASTRA F &#8211; CORSA B 1.4 &#8211; 1.6 MODELLER\u0130NE UYGUNDUR.<\/p>\n","protected":false},"excerpt":{"rendered":"<p>\u00dcR\u00dcN OPEL VECTRA B &#8211; ASTRA F &#8211; CORSA B 1.4 &#8211; 1.6 MODELLER\u0130NE UYGUNDUR.<\/p>\n","protected":false},"featured_media":6277,"template":"","meta":[],"product_brand":[307],"product_cat":[298],"product_tag":[],"class_list":{"0":"post-6276","1":"product","2":"type-product","3":"status-publish","4":"has-post-thumbnail","6":"arac_markasi_modeli-astra-f","7":"arac_markasi_modeli-corsa-b","8":"arac_markasi_modeli-opel","9":"product_brand-skf","10":"product_cat-motor-mekanik-urunleri","12":"first","13":"instock","14":"taxable","15":"shipping-taxable","16":"purchasable","17":"product-type-simple"},"jetpack_sharing_enabled":true,"_links":{"self":[{"href":"https:\/\/ozince.com\/magaza\/wp-json\/wp\/v2\/product\/6276","targetHints":{"allow":["GET"]}}],"collection":[{"href":"https:\/\/ozince.com\/magaza\/wp-json\/wp\/v2\/product"}],"about":[{"href":"https:\/\/ozince.com\/magaza\/wp-json\/wp\/v2\/types\/product"}],"wp:featuredmedia":[{"embeddable":true,"href":"https:\/\/ozince.com\/magaza\/wp-json\/wp\/v2\/media\/6277"}],"wp:attachment":[{"href":"https:\/\/ozince.com\/magaza\/wp-json\/wp\/v2\/media?parent=6276"}],"wp:term":[{"taxonomy":"product_brand","embeddable":true,"href":"https:\/\/ozince.com\/magaza\/wp-json\/wp\/v2\/product_brand?post=6276"},{"taxonomy":"product_cat","embeddable":true,"href":"https:\/\/ozince.com\/magaza\/wp-json\/wp\/v2\/product_cat?post=6276"},{"taxonomy":"product_tag","embeddable":true,"href":"https:\/\/ozince.com\/magaza\/wp-json\/wp\/v2\/product_tag?post=6276"}],"curies":[{"name":"wp","href":"https:\/\/api.w.org\/{rel}","templated":true}]}}