{"id":6191,"date":"2025-09-17T14:35:30","date_gmt":"2025-09-17T11:35:30","guid":{"rendered":"https:\/\/ozince.com\/magaza\/kategorilenmemis\/mette-741f7329-opel-astra-j-1-3-dizel-1-4-benzinli-hava-filtresi\/"},"modified":"2025-09-17T14:35:47","modified_gmt":"2025-09-17T11:35:47","slug":"mette-741f7329-opel-astra-j-1-3-dizel-1-4-benzinli-hava-filtresi","status":"publish","type":"product","link":"https:\/\/ozince.com\/magaza\/periyodik-bakim-ve-filtre-urunleri\/mette-741f7329-opel-astra-j-1-3-dizel-1-4-benzinli-hava-filtresi\/","title":{"rendered":"METTE 741F7329 OPEL ASTRA J 1.3 D\u0130ZEL &#8211; 1.4 BENZ\u0130NL\u0130 HAVA F\u0130LTRES\u0130"},"content":{"rendered":"<p>\u00dcR\u00dcN OPEL ASTRA J 1.3 D\u0130ZEL \/ 1.4 TURBO \/ ZAF\u0130RA C 1.4 BENZ\u0130NL\u0130 \/ 2.0 D\u0130ZEL \/ CHEVROLET J300 \/ J305 MODELLER\u0130NE UYGUNDUR.<\/p>\n","protected":false},"excerpt":{"rendered":"<p>\u00dcR\u00dcN OPEL ASTRA J 1.3 D\u0130ZEL \/ 1.4 TURBO \/ ZAF\u0130RA C 1.4 BENZ\u0130NL\u0130 \/ 2.0 D\u0130ZEL \/ CHEVROLET J300 \/ J305 MODELLER\u0130NE UYGUNDUR.<\/p>\n","protected":false},"featured_media":6192,"template":"","meta":[],"product_brand":[362],"product_cat":[352],"product_tag":[],"class_list":{"0":"post-6191","1":"product","2":"type-product","3":"status-publish","4":"has-post-thumbnail","6":"arac_markasi_modeli-astra-j","7":"arac_markasi_modeli-opel","8":"product_brand-mette","9":"product_cat-periyodik-bakim-ve-filtre-urunleri","11":"first","12":"instock","13":"taxable","14":"shipping-taxable","15":"purchasable","16":"product-type-simple"},"jetpack_sharing_enabled":true,"_links":{"self":[{"href":"https:\/\/ozince.com\/magaza\/wp-json\/wp\/v2\/product\/6191","targetHints":{"allow":["GET"]}}],"collection":[{"href":"https:\/\/ozince.com\/magaza\/wp-json\/wp\/v2\/product"}],"about":[{"href":"https:\/\/ozince.com\/magaza\/wp-json\/wp\/v2\/types\/product"}],"wp:featuredmedia":[{"embeddable":true,"href":"https:\/\/ozince.com\/magaza\/wp-json\/wp\/v2\/media\/6192"}],"wp:attachment":[{"href":"https:\/\/ozince.com\/magaza\/wp-json\/wp\/v2\/media?parent=6191"}],"wp:term":[{"taxonomy":"product_brand","embeddable":true,"href":"https:\/\/ozince.com\/magaza\/wp-json\/wp\/v2\/product_brand?post=6191"},{"taxonomy":"product_cat","embeddable":true,"href":"https:\/\/ozince.com\/magaza\/wp-json\/wp\/v2\/product_cat?post=6191"},{"taxonomy":"product_tag","embeddable":true,"href":"https:\/\/ozince.com\/magaza\/wp-json\/wp\/v2\/product_tag?post=6191"}],"curies":[{"name":"wp","href":"https:\/\/api.w.org\/{rel}","templated":true}]}}