{"id":5756,"date":"2025-08-29T22:16:10","date_gmt":"2025-08-29T19:16:10","guid":{"rendered":"https:\/\/ozince.com\/magaza\/urunler\/kategorilenmemis\/mobil-super-2000-x1-10w40-motor-yag-4-litre\/"},"modified":"2025-08-29T22:16:11","modified_gmt":"2025-08-29T19:16:11","slug":"mobil-super-2000-x1-10w40-motor-yag-4-litre","status":"publish","type":"product","link":"https:\/\/ozince.com\/magaza\/motor-yag-ve-kimyasal-sivi-urunleri\/mobil-super-2000-x1-10w40-motor-yag-4-litre\/","title":{"rendered":"MOB\u0130L SUPER 2000 X1 10W40 MOTOR YA\u011e 4 L\u0130TRE"},"content":{"rendered":"<p>Mobil Super S 10W-40 G\u00fcn\u00fcm\u00fcz Benzinli Ve Dizel Otomobil Motorlar\u0131nda \u0130stenen En Son End\u00fcstri Performans<br \/>\n Standartlar\u0131n\u0131 A\u015fan Y\u00fcksek Performansl\u0131, Yar\u0131 Sentetik Motor Ya\u011f\u0131d\u0131r. \u00d6zellikleri Ve Faydalar\u0131 Mobil Super<br \/>\nS 10W-40, Geleneksel Ve Sentetik Baz Ya\u011flar\u0131n Hassas Bile\u015fimi \u0130le Buna Uyumlu Performans Kat\u0131k Sisteminin<br \/>\n \u00d6zel Form\u00fclasyonu Sayesinde Standart Geleneksel Mineral Ya\u011flara G\u00f6re Motoru Daha Temiz Tutar Ve Daha<br \/>\n \u0130yi Korur. Bu Sentetik Kar\u0131\u015f\u0131m, Ya\u011f\u0131n Genel Performans\u0131n\u0131 Art\u0131r\u0131r. Mobil Super S 10W-40 Zararl\u0131 Tortu, \u00c7amur<br \/>\n Ve Vernik Olu\u015fumunu Engeller; D\u00fc\u015f\u00fck Ve Y\u00fcksek S\u0131cakl\u0131klarda A\u015f\u0131nmaya Kar\u015f\u0131 Koyarak Genel Motor<br \/>\nTemizli\u011fini Etkin Bir \u015eekilde S\u00fcrd\u00fcr\u00fcr. Ba\u015fl\u0131ca \u00d6zellik Ve Faydalar\u0131 \u015eunlard\u0131r: Daha Fazla Is\u0131l Ve Oksidasyon<br \/>\n Kararl\u0131l\u0131\u011f\u0131 Daha Az Motor Tortusu Motorun S\u0131cak B\u00f6lgelerinde Olu\u015fan Zararl\u0131 \u00c7amur Ve Tortular\u0131 Azalt\u0131r<br \/>\n Art\u0131r\u0131lm\u0131\u015f A\u015f\u0131nma \u00d6nleme \u00d6zellikleri Daha D\u00fc\u015f\u00fck Bak\u0131m Maliyeti Sa\u011flayacak Daha Az A\u015f\u0131nma Etkili A\u015f\u0131nma<br \/>\n Ve Tortu Kontrol\u00fc Daha Uzun Motor \u00d6mr\u00fc Ve G\u00fcvenilir \u00c7al\u0131\u015fma Y\u00fcksek Viskozite \u0130ndeksi Ve Kesme<br \/>\n Kuvvetleri Kararl\u0131l\u0131\u011f\u0131 Normal Ve Y\u00fcksek S\u0131cakl\u0131klarda Daha \u0130yi Ya\u011flama Zorlu \u00c7al\u0131\u015fma Geli\u015ftirilmi\u015f<br \/>\n Ko\u015fullar\u0131nda Geli\u015ftirilmi\u015f D\u00fc\u015f\u00fck Ve Y\u00fcksek S\u0131cakl\u0131k Korumas\u0131 Kullan\u0131m Yerleri; Mobil Super S 10W-40<br \/>\n \u00d6zellikle T\u00fcm Y\u00fcksek Performansl\u0131, Turbo\u015farjl\u0131, Benzinli Ve Dizel Motorlar\u0131n Yan\u0131 S\u0131ra Daha Eski Model<br \/>\n Do\u011fal Emi\u015fli Motorlarda Da Kullan\u0131lmas\u0131 \u00d6nerilir. Mobil Super S 10W-40 Binek Ara\u00e7lar\u0131, Hafif Kamyonlar<br \/>\n Ve Kamyonetler \u0130\u00e7in M\u00fckemmel Bir Se\u00e7imdir. Spesifikasyonlar Ve Onaylar Mobil Super S A\u015fa\u011f\u0131daki End\u00fcstri<br \/>\n Spesifikasyonlar\u0131n\u0131 Kar\u015f\u0131lar Veya Fazlas\u0131yla Ge\u00e7er: 10W-40 Acea A2,B2, A3, B3 Ap\u0131 Sl,Sj,Cf Mobil Super S<br \/>\n A\u015fa\u011f\u0131daki \u00dcretici Onaylar\u0131na Sahiptir: 10W-40 Mb 229.1 Vw 505.00 Tipik \u00d6zellikler Mobil Super S 10W-40<br \/>\n Sae S\u0131n\u0131f\u0131 Viskozite, Astm D 445 Cst @ 40\u00b0C 92 Cst @ 100\u00b0C 14.4 Viskozite \u0130ndeksi, Astm D 2270 154<br \/>\n S\u00fclfatlanm\u0131\u015f K\u00fcl,% A\u011f\u0131rl\u0131k, Astm D 874 0.97<\/p>\n","protected":false},"excerpt":{"rendered":"<p>Mobil Super S 10W-40 G\u00fcn\u00fcm\u00fcz Benzinli Ve Dizel Otomobil Motorlar\u0131nda \u0130stenen En Son End\u00fcstri Performans Standartlar\u0131n\u0131 A\u015fan Y\u00fcksek Performansl\u0131, Yar\u0131 Sentetik Motor Ya\u011f\u0131d\u0131r. \u00d6zellikleri Ve Faydalar\u0131 Mobil Super S 10W-40, Geleneksel Ve Sentetik Baz Ya\u011flar\u0131n Hassas Bile\u015fimi \u0130le Buna Uyumlu Performans Kat\u0131k Sisteminin \u00d6zel Form\u00fclasyonu Sayesinde Standart Geleneksel Mineral Ya\u011flara G\u00f6re Motoru Daha Temiz Tutar<\/p>\n<div class=\"klb-readmore button\"><a class=\"btn link\" href=\"https:\/\/ozince.com\/magaza\/motor-yag-ve-kimyasal-sivi-urunleri\/mobil-super-2000-x1-10w40-motor-yag-4-litre\/\">Read More <i class=\"klbth-icon-right-arrow\"><\/i><\/a><\/div>\n","protected":false},"featured_media":5743,"template":"","meta":[],"product_brand":[344],"product_cat":[342],"product_tag":[],"class_list":{"0":"post-5756","1":"product","2":"type-product","3":"status-publish","4":"has-post-thumbnail","6":"arac_markasi_modeli-citroen","7":"arac_markasi_modeli-ds","8":"arac_markasi_modeli-opel","9":"arac_markasi_modeli-peugeot","10":"product_brand-mobil","11":"product_cat-motor-yag-ve-kimyasal-sivi-urunleri","13":"first","14":"instock","15":"taxable","16":"shipping-taxable","17":"purchasable","18":"product-type-simple"},"jetpack_sharing_enabled":true,"_links":{"self":[{"href":"https:\/\/ozince.com\/magaza\/wp-json\/wp\/v2\/product\/5756","targetHints":{"allow":["GET"]}}],"collection":[{"href":"https:\/\/ozince.com\/magaza\/wp-json\/wp\/v2\/product"}],"about":[{"href":"https:\/\/ozince.com\/magaza\/wp-json\/wp\/v2\/types\/product"}],"wp:featuredmedia":[{"embeddable":true,"href":"https:\/\/ozince.com\/magaza\/wp-json\/wp\/v2\/media\/5743"}],"wp:attachment":[{"href":"https:\/\/ozince.com\/magaza\/wp-json\/wp\/v2\/media?parent=5756"}],"wp:term":[{"taxonomy":"product_brand","embeddable":true,"href":"https:\/\/ozince.com\/magaza\/wp-json\/wp\/v2\/product_brand?post=5756"},{"taxonomy":"product_cat","embeddable":true,"href":"https:\/\/ozince.com\/magaza\/wp-json\/wp\/v2\/product_cat?post=5756"},{"taxonomy":"product_tag","embeddable":true,"href":"https:\/\/ozince.com\/magaza\/wp-json\/wp\/v2\/product_tag?post=5756"}],"curies":[{"name":"wp","href":"https:\/\/api.w.org\/{rel}","templated":true}]}}