{"id":5755,"date":"2025-08-29T22:16:10","date_gmt":"2025-08-29T19:16:10","guid":{"rendered":"https:\/\/ozince.com\/magaza\/urunler\/kategorilenmemis\/liqui-moly-top-tec-4600-5w-30-motor-yag-5-litre\/"},"modified":"2025-08-29T22:16:11","modified_gmt":"2025-08-29T19:16:11","slug":"liqui-moly-top-tec-4600-5w-30-motor-yag-5-litre","status":"publish","type":"product","link":"https:\/\/ozince.com\/magaza\/motor-yag-ve-kimyasal-sivi-urunleri\/liqui-moly-top-tec-4600-5w-30-motor-yag-5-litre\/","title":{"rendered":"LIQUI MOLY TOP TEC 4600 5W-30 MOTOR YA\u011e 5 L\u0130TRE"},"content":{"rendered":"<p>LIQUI MOLY TOP TEC 4600 Tam Sentetik 5W30 Motor Ya\u011f\u0131 5 Litre     <\/p>\n<p>Benzinli ve dizel partik\u00fcl filtresine (DPF) sahip olan ve olmayan t\u00fcm dizel modern motorlar\u0131n tamam\u0131nda kullan\u0131labilen,<\/p>\n<p>ileri teknoloji kat\u0131k kar\u0131\u015f\u0131m\u0131 ile g\u00fc\u00e7lendirilmi\u015f sentetik motor ya\u011f\u0131.<\/p>\n<p>Birinci s\u0131n\u0131f benzinli motorlarda ve dizel partik\u00fcl filtreli ve filtresiz ve turbolu dizel motorlarda kullanabilecek modern d\u00fc\u015f\u00fck viskoziteli motor ya\u011f\u0131.<\/p>\n<p>Sentez teknolojisine ve yeni katk\u0131lara dayanan, s\u0131ra d\u0131\u015f\u0131 baz ya\u011flar\u0131n kombinasyonu sonucu a\u015f\u0131nmaya kar\u015f\u0131 m\u00fckemmel koruma sa\u011flayan, ya\u011f ve yak\u0131t t\u00fcketimini d\u00fc\u015f\u00fcren ve motoru h\u0131zl\u0131ca ya\u011flayan bir motor ya\u011f\u0131n\u0131 garanti eder.<\/p>\n<p>Bu sayede \u00fcretici talimatlar\u0131na g\u00f6re 40.000 km\u2018ye varan ya\u011f de\u011fi\u015fim aral\u0131klar\u0131na ula\u015f\u0131labilir. <\/p>\n<p>\u00c7oklu supap teknolojisine, Valvetronic turboya ve ara so\u011futucuya (LLK) sahip olan ve olmayan modern benzinli motorlar ve dizel motorlar i\u00e7in ideal.<\/p>\n<p>\u00d6zellikle uzun ya\u011f de\u011fi\u015fim aral\u0131klar\u0131nda ve y\u00fcksek motor performans\u0131 beklentilerine uygundur.<\/p>\n<p>Gazla \u00e7al\u0131\u015fan ara\u00e7lar (CNG\/LPG) i\u00e7in de uygundur.<\/p>\n<p>Katalitik konvert\u00f6r ve turbo uyumlu. <\/p>\n<p>Kullan\u0131m \u00d6zellikleri ve Faydalar\u0131<\/p>\n<p>M\u00fckemmel a\u015f\u0131nma korumas\u0131.<\/p>\n<p>Y\u00fcksek ya\u011flama g\u00fcvenilirli\u011fi.<\/p>\n<p>\u00d6zellikle partik\u00fcl filtresli (DPF&#8217;li) dizel motorlu ara\u00e7lar i\u00e7in uzun motor \u00f6mr\u00fc.<\/p>\n<p>\u00c7evreyi kirleten emisyonlar\u0131 azalt\u0131r.<\/p>\n<p>Turbo ve katalitik konvert\u00f6rler i\u00e7in test edildi. Motorun d\u00fczg\u00fcn \u00e7al\u0131\u015fmas\u0131n\u0131 sa\u011fl\u0131yor.<\/p>\n<p>D\u00fc\u015f\u00fck s\u0131cakl\u0131klarda h\u0131zl\u0131 ya\u011f iletimi<\/p>\n<p>Yak\u0131t t\u00fcketimini azalt\u0131r.<\/p>\n<p>T\u00fcm \u00e7al\u0131\u015fma ko\u015fullar\u0131nda optimum ya\u011f bas\u0131nc\u0131.<\/p>\n<p>Ya\u015flanmaya kar\u015f\u0131 optimum stabilite,<\/p>\n<p>\u00dcst\u00fcn motor temizli\u011fi<\/p>\n<p>Ticari olarak temin edilebilen t\u00fcm motor ya\u011flar\u0131yla kar\u0131\u015ft\u0131r\u0131labilir.<\/p>\n<p>PERFORMANS SEV\u0130YELER\u0130 VE ARA\u00c7 \u00dcRET\u0130C\u0130S\u0130 ONAYLARI<\/p>\n<p>ACEA C2<\/p>\n<p>ACEA C3<\/p>\n<p>API SP<\/p>\n<p>BMW Longlife-04<\/p>\n<p>MB-Approval 229.31<\/p>\n<p>MB-Approval 229.51<\/p>\n<p>MB-Approval 229.52<\/p>\n<p>Opel OV040 1547 &#8211; D30<\/p>\n<p>LIQUI MOLY A\u015eA\u011eIDAK\u0130 \u00d6ZELL\u0130KLERE SAH\u0130P MOTORLAR \u0130\u00c7\u0130N BU \u00dcR\u00dcN\u00dc TAVS\u0130YE ED\u0130YOR: <\/p>\n<p>Fiat 9.55535-S3<\/p>\n<p>Ford WSS-M2C 917-A<\/p>\n<p>GM dexos2\u2122<\/p>\n<p>GWM<\/p>\n<p>HAVAL<\/p>\n<p>Opel GM-LL-A-025<\/p>\n<p>Opel GM-LL-B-025<\/p>\n<p>W 505 00<\/p>\n<p>VW 505 01<\/p>\n<p>Wuling<\/p>\n","protected":false},"excerpt":{"rendered":"<p>LIQUI MOLY TOP TEC 4600 Tam Sentetik 5W30 Motor Ya\u011f\u0131 5 Litre Benzinli ve dizel partik\u00fcl filtresine (DPF) sahip olan ve olmayan t\u00fcm dizel modern motorlar\u0131n tamam\u0131nda kullan\u0131labilen, ileri teknoloji kat\u0131k kar\u0131\u015f\u0131m\u0131 ile g\u00fc\u00e7lendirilmi\u015f sentetik motor ya\u011f\u0131. Birinci s\u0131n\u0131f benzinli motorlarda ve dizel partik\u00fcl filtreli ve filtresiz ve turbolu dizel motorlarda kullanabilecek modern d\u00fc\u015f\u00fck viskoziteli<\/p>\n<div class=\"klb-readmore button\"><a class=\"btn link\" href=\"https:\/\/ozince.com\/magaza\/motor-yag-ve-kimyasal-sivi-urunleri\/liqui-moly-top-tec-4600-5w-30-motor-yag-5-litre\/\">Read More <i class=\"klbth-icon-right-arrow\"><\/i><\/a><\/div>\n","protected":false},"featured_media":5741,"template":"","meta":[],"product_brand":[343],"product_cat":[342],"product_tag":[],"class_list":{"0":"post-5755","1":"product","2":"type-product","3":"status-publish","4":"has-post-thumbnail","6":"arac_markasi_modeli-citroen","7":"arac_markasi_modeli-ds","8":"arac_markasi_modeli-opel","9":"arac_markasi_modeli-peugeot","10":"product_brand-liqui-moly","11":"product_cat-motor-yag-ve-kimyasal-sivi-urunleri","13":"first","14":"instock","15":"taxable","16":"shipping-taxable","17":"purchasable","18":"product-type-simple"},"jetpack_sharing_enabled":true,"_links":{"self":[{"href":"https:\/\/ozince.com\/magaza\/wp-json\/wp\/v2\/product\/5755","targetHints":{"allow":["GET"]}}],"collection":[{"href":"https:\/\/ozince.com\/magaza\/wp-json\/wp\/v2\/product"}],"about":[{"href":"https:\/\/ozince.com\/magaza\/wp-json\/wp\/v2\/types\/product"}],"wp:featuredmedia":[{"embeddable":true,"href":"https:\/\/ozince.com\/magaza\/wp-json\/wp\/v2\/media\/5741"}],"wp:attachment":[{"href":"https:\/\/ozince.com\/magaza\/wp-json\/wp\/v2\/media?parent=5755"}],"wp:term":[{"taxonomy":"product_brand","embeddable":true,"href":"https:\/\/ozince.com\/magaza\/wp-json\/wp\/v2\/product_brand?post=5755"},{"taxonomy":"product_cat","embeddable":true,"href":"https:\/\/ozince.com\/magaza\/wp-json\/wp\/v2\/product_cat?post=5755"},{"taxonomy":"product_tag","embeddable":true,"href":"https:\/\/ozince.com\/magaza\/wp-json\/wp\/v2\/product_tag?post=5755"}],"curies":[{"name":"wp","href":"https:\/\/api.w.org\/{rel}","templated":true}]}}