{"id":13256,"date":"2025-11-20T12:07:03","date_gmt":"2025-11-20T09:07:03","guid":{"rendered":"https:\/\/ozince.com\/magaza\/?post_type=product&#038;p=13256"},"modified":"2025-11-20T12:07:03","modified_gmt":"2025-11-20T09:07:03","slug":"mopar-1444-tt-peugeot-3008-5008-1-6-hava-filtresi","status":"publish","type":"product","link":"https:\/\/ozince.com\/magaza\/periyodik-bakim-ve-filtre-urunleri\/mopar-1444-tt-peugeot-3008-5008-1-6-hava-filtresi\/","title":{"rendered":"MOPAR 1444.TT PEUGEOT 3008 &#8211; 5008 1.6 HAVA F\u0130LTRES\u0130"},"content":{"rendered":"<p>OR\u0130J\u0130NAL \u00dcR\u00dcND\u00dcR. 208 &#8211; 308 &#8211; 508 &#8211; 3008 &#8211; 5008 1.6 BENZ\u0130NL\u0130 MODELLER\u0130NE UYGUNDUR. S\u0130PAR\u0130\u015e VERMEDEN \u00d6NCE \u015eASE NUMARASI \u0130LE TEY\u0130T ETT\u0130RMEN\u0130Z TAVS\u0130YE ED\u0130L\u0130R.<\/p>\n","protected":false},"excerpt":{"rendered":"<p>OR\u0130J\u0130NAL \u00dcR\u00dcND\u00dcR. 208 &#8211; 308 &#8211; 508 &#8211; 3008 &#8211; 5008 1.6 BENZ\u0130NL\u0130 MODELLER\u0130NE UYGUNDUR. S\u0130PAR\u0130\u015e VERMEDEN \u00d6NCE \u015eASE NUMARASI \u0130LE TEY\u0130T ETT\u0130RMEN\u0130Z TAVS\u0130YE ED\u0130L\u0130R.<\/p>\n","protected":false},"featured_media":13253,"template":"","meta":[],"product_brand":[305],"product_cat":[352],"product_tag":[],"class_list":{"0":"post-13256","1":"product","2":"type-product","3":"status-publish","4":"has-post-thumbnail","6":"arac_markasi_modeli-282","7":"arac_markasi_modeli-249","8":"arac_markasi_modeli-302","9":"arac_markasi_modeli-279","10":"arac_markasi_modeli-peugeot","11":"product_brand-mopar","12":"product_cat-periyodik-bakim-ve-filtre-urunleri","14":"first","15":"instock","16":"taxable","17":"shipping-taxable","18":"purchasable","19":"product-type-simple"},"jetpack_sharing_enabled":true,"_links":{"self":[{"href":"https:\/\/ozince.com\/magaza\/wp-json\/wp\/v2\/product\/13256","targetHints":{"allow":["GET"]}}],"collection":[{"href":"https:\/\/ozince.com\/magaza\/wp-json\/wp\/v2\/product"}],"about":[{"href":"https:\/\/ozince.com\/magaza\/wp-json\/wp\/v2\/types\/product"}],"wp:featuredmedia":[{"embeddable":true,"href":"https:\/\/ozince.com\/magaza\/wp-json\/wp\/v2\/media\/13253"}],"wp:attachment":[{"href":"https:\/\/ozince.com\/magaza\/wp-json\/wp\/v2\/media?parent=13256"}],"wp:term":[{"taxonomy":"product_brand","embeddable":true,"href":"https:\/\/ozince.com\/magaza\/wp-json\/wp\/v2\/product_brand?post=13256"},{"taxonomy":"product_cat","embeddable":true,"href":"https:\/\/ozince.com\/magaza\/wp-json\/wp\/v2\/product_cat?post=13256"},{"taxonomy":"product_tag","embeddable":true,"href":"https:\/\/ozince.com\/magaza\/wp-json\/wp\/v2\/product_tag?post=13256"}],"curies":[{"name":"wp","href":"https:\/\/api.w.org\/{rel}","templated":true}]}}