{"id":13059,"date":"2025-11-10T16:41:37","date_gmt":"2025-11-10T13:41:37","guid":{"rendered":"https:\/\/ozince.com\/magaza\/?post_type=product&#038;p=13059"},"modified":"2025-11-10T16:42:36","modified_gmt":"2025-11-10T13:42:36","slug":"filtron-k1328a-2x-peugeot-308-508-polen-filtresi-karbonlu","status":"publish","type":"product","link":"https:\/\/ozince.com\/magaza\/periyodik-bakim-ve-filtre-urunleri\/filtron-k1328a-2x-peugeot-308-508-polen-filtresi-karbonlu\/","title":{"rendered":"F\u0130LTRON K1328A-2X PEUGEOT 308-508 POLEN F\u0130LTRES\u0130 (KARBONLU)"},"content":{"rendered":"<p>\u00dcR\u00dcN PEUGEOT 308-508 MODELLER\u0130NE UYGUNDUR.<\/p>\n","protected":false},"excerpt":{"rendered":"<p>\u00dcR\u00dcN PEUGEOT 308-508 MODELLER\u0130NE UYGUNDUR.<\/p>\n","protected":false},"featured_media":13062,"template":"","meta":[],"product_brand":[196],"product_cat":[352],"product_tag":[],"class_list":{"0":"post-13059","1":"product","2":"type-product","3":"status-publish","4":"has-post-thumbnail","6":"arac_markasi_modeli-302","7":"arac_markasi_modeli-363","8":"arac_markasi_modeli-peugeot","9":"product_brand-filtron","10":"product_cat-periyodik-bakim-ve-filtre-urunleri","12":"first","13":"instock","14":"taxable","15":"shipping-taxable","16":"purchasable","17":"product-type-simple"},"jetpack_sharing_enabled":true,"_links":{"self":[{"href":"https:\/\/ozince.com\/magaza\/wp-json\/wp\/v2\/product\/13059","targetHints":{"allow":["GET"]}}],"collection":[{"href":"https:\/\/ozince.com\/magaza\/wp-json\/wp\/v2\/product"}],"about":[{"href":"https:\/\/ozince.com\/magaza\/wp-json\/wp\/v2\/types\/product"}],"wp:featuredmedia":[{"embeddable":true,"href":"https:\/\/ozince.com\/magaza\/wp-json\/wp\/v2\/media\/13062"}],"wp:attachment":[{"href":"https:\/\/ozince.com\/magaza\/wp-json\/wp\/v2\/media?parent=13059"}],"wp:term":[{"taxonomy":"product_brand","embeddable":true,"href":"https:\/\/ozince.com\/magaza\/wp-json\/wp\/v2\/product_brand?post=13059"},{"taxonomy":"product_cat","embeddable":true,"href":"https:\/\/ozince.com\/magaza\/wp-json\/wp\/v2\/product_cat?post=13059"},{"taxonomy":"product_tag","embeddable":true,"href":"https:\/\/ozince.com\/magaza\/wp-json\/wp\/v2\/product_tag?post=13059"}],"curies":[{"name":"wp","href":"https:\/\/api.w.org\/{rel}","templated":true}]}}