{"id":13057,"date":"2025-11-10T16:34:19","date_gmt":"2025-11-10T13:34:19","guid":{"rendered":"https:\/\/ozince.com\/magaza\/?post_type=product&#038;p=13057"},"modified":"2025-11-10T16:34:19","modified_gmt":"2025-11-10T13:34:19","slug":"filtron-k1328a-2x-ds9-1-6-bluehdi-polen-filtresi-karbonlu","status":"publish","type":"product","link":"https:\/\/ozince.com\/magaza\/periyodik-bakim-ve-filtre-urunleri\/filtron-k1328a-2x-ds9-1-6-bluehdi-polen-filtresi-karbonlu\/","title":{"rendered":"F\u0130LTRON K1328A-2X DS9 1.6 BLUEHD\u0130 POLEN F\u0130LTRES\u0130 (KARBONLU)"},"content":{"rendered":"<p>\u00dcR\u00dcN DS9 1.6BLUEHD\u0130 2020 VE SONRASI MODELLER\u0130NE UYGUNDUR.<\/p>\n","protected":false},"excerpt":{"rendered":"<p>\u00dcR\u00dcN DS9 1.6BLUEHD\u0130 2020 VE SONRASI MODELLER\u0130NE UYGUNDUR.<\/p>\n","protected":false},"featured_media":13058,"template":"","meta":[],"product_brand":[196],"product_cat":[352],"product_tag":[],"class_list":{"0":"post-13057","1":"product","2":"type-product","3":"status-publish","4":"has-post-thumbnail","6":"arac_markasi_modeli-ds9","7":"product_brand-filtron","8":"product_cat-periyodik-bakim-ve-filtre-urunleri","10":"first","11":"instock","12":"taxable","13":"shipping-taxable","14":"purchasable","15":"product-type-simple"},"jetpack_sharing_enabled":true,"_links":{"self":[{"href":"https:\/\/ozince.com\/magaza\/wp-json\/wp\/v2\/product\/13057","targetHints":{"allow":["GET"]}}],"collection":[{"href":"https:\/\/ozince.com\/magaza\/wp-json\/wp\/v2\/product"}],"about":[{"href":"https:\/\/ozince.com\/magaza\/wp-json\/wp\/v2\/types\/product"}],"wp:featuredmedia":[{"embeddable":true,"href":"https:\/\/ozince.com\/magaza\/wp-json\/wp\/v2\/media\/13058"}],"wp:attachment":[{"href":"https:\/\/ozince.com\/magaza\/wp-json\/wp\/v2\/media?parent=13057"}],"wp:term":[{"taxonomy":"product_brand","embeddable":true,"href":"https:\/\/ozince.com\/magaza\/wp-json\/wp\/v2\/product_brand?post=13057"},{"taxonomy":"product_cat","embeddable":true,"href":"https:\/\/ozince.com\/magaza\/wp-json\/wp\/v2\/product_cat?post=13057"},{"taxonomy":"product_tag","embeddable":true,"href":"https:\/\/ozince.com\/magaza\/wp-json\/wp\/v2\/product_tag?post=13057"}],"curies":[{"name":"wp","href":"https:\/\/api.w.org\/{rel}","templated":true}]}}