{"id":11878,"date":"2026-03-04T08:23:15","date_gmt":"2026-03-04T05:23:15","guid":{"rendered":"https:\/\/ozince.com\/magaza\/kategorilenmemis\/gmb-gtck-ft001-eksantrik-zincir-seti-opel-astra-corsa-combo-03-fiat-albea-doblo-palio-punto-linea-egea-fiorino-1-3jtd-1-3cdti-euro-4-5-6-parca-kapali-zincir\/"},"modified":"2026-03-04T08:23:16","modified_gmt":"2026-03-04T05:23:16","slug":"gmb-gtck-ft001-eksantrik-zincir-seti-opel-astra-corsa-combo-03-fiat-albea-doblo-palio-punto-linea-egea-fiorino-1-3jtd-1-3cdti-euro-4-5-6-parca-kapali-zincir","status":"publish","type":"product","link":"https:\/\/ozince.com\/magaza\/motor-mekanik-urunleri\/gmb-gtck-ft001-eksantrik-zincir-seti-opel-astra-corsa-combo-03-fiat-albea-doblo-palio-punto-linea-egea-fiorino-1-3jtd-1-3cdti-euro-4-5-6-parca-kapali-zincir\/","title":{"rendered":"GMB-GTCK-FT001 EKSANTR\u0130K Z\u0130NC\u0130R SET\u0130 OPEL ASTRA \/ CORSA \/ COMBO 03= \/ FIAT ALBEA \/ DOBLO \/ PAL\u0130O \/ PUNTO \/ L\u0130NEA \/ EGEA \/ FIORINO 1.3JTD-1.3CDTI EURO 4-5 (6 PAR\u00c7A KAPALI Z\u0130NC\u0130R)"},"content":{"rendered":"","protected":false},"excerpt":{"rendered":"","protected":false},"featured_media":15166,"template":"","meta":[],"product_brand":[426],"product_cat":[298],"product_tag":[378],"class_list":{"0":"post-11878","1":"product","2":"type-product","3":"status-publish","4":"has-post-thumbnail","6":"arac_markasi_modeli-corsa","7":"arac_markasi_modeli-opel","8":"product_brand-gmb","9":"product_cat-motor-mekanik-urunleri","10":"product_tag-altay","12":"first","13":"instock","14":"taxable","15":"shipping-taxable","16":"purchasable","17":"product-type-simple"},"jetpack_sharing_enabled":true,"_links":{"self":[{"href":"https:\/\/ozince.com\/magaza\/wp-json\/wp\/v2\/product\/11878","targetHints":{"allow":["GET"]}}],"collection":[{"href":"https:\/\/ozince.com\/magaza\/wp-json\/wp\/v2\/product"}],"about":[{"href":"https:\/\/ozince.com\/magaza\/wp-json\/wp\/v2\/types\/product"}],"wp:featuredmedia":[{"embeddable":true,"href":"https:\/\/ozince.com\/magaza\/wp-json\/wp\/v2\/media\/15166"}],"wp:attachment":[{"href":"https:\/\/ozince.com\/magaza\/wp-json\/wp\/v2\/media?parent=11878"}],"wp:term":[{"taxonomy":"product_brand","embeddable":true,"href":"https:\/\/ozince.com\/magaza\/wp-json\/wp\/v2\/product_brand?post=11878"},{"taxonomy":"product_cat","embeddable":true,"href":"https:\/\/ozince.com\/magaza\/wp-json\/wp\/v2\/product_cat?post=11878"},{"taxonomy":"product_tag","embeddable":true,"href":"https:\/\/ozince.com\/magaza\/wp-json\/wp\/v2\/product_tag?post=11878"}],"curies":[{"name":"wp","href":"https:\/\/api.w.org\/{rel}","templated":true}]}}