{"id":11778,"date":"2026-04-06T08:26:09","date_gmt":"2026-04-06T05:26:09","guid":{"rendered":"https:\/\/ozince.com\/magaza\/kategorilenmemis\/cfa-101-301-fren-silindiri-combo-b-kadett-e-9mm-arka\/"},"modified":"2026-04-06T08:26:10","modified_gmt":"2026-04-06T05:26:10","slug":"cfa-101-301-fren-silindiri-combo-b-kadett-e-9mm-arka","status":"publish","type":"product","link":"https:\/\/ozince.com\/magaza\/fren-sistemi-urunleri\/cfa-101-301-fren-silindiri-combo-b-kadett-e-9mm-arka\/","title":{"rendered":"CFA-101-301 FREN S\u0130L\u0130ND\u0130R\u0130 COMBO B \/ KADETT E 9mm ARKA"},"content":{"rendered":"","protected":false},"excerpt":{"rendered":"","protected":false},"featured_media":14779,"template":"","meta":[],"product_brand":[446],"product_cat":[257],"product_tag":[378],"class_list":{"0":"post-11778","1":"product","2":"type-product","3":"status-publish","4":"has-post-thumbnail","6":"arac_markasi_modeli-combo","7":"arac_markasi_modeli-opel","8":"product_brand-cifam","9":"product_cat-fren-sistemi-urunleri","10":"product_tag-altay","12":"first","13":"instock","14":"taxable","15":"shipping-taxable","16":"purchasable","17":"product-type-simple"},"jetpack_sharing_enabled":true,"_links":{"self":[{"href":"https:\/\/ozince.com\/magaza\/wp-json\/wp\/v2\/product\/11778","targetHints":{"allow":["GET"]}}],"collection":[{"href":"https:\/\/ozince.com\/magaza\/wp-json\/wp\/v2\/product"}],"about":[{"href":"https:\/\/ozince.com\/magaza\/wp-json\/wp\/v2\/types\/product"}],"wp:featuredmedia":[{"embeddable":true,"href":"https:\/\/ozince.com\/magaza\/wp-json\/wp\/v2\/media\/14779"}],"wp:attachment":[{"href":"https:\/\/ozince.com\/magaza\/wp-json\/wp\/v2\/media?parent=11778"}],"wp:term":[{"taxonomy":"product_brand","embeddable":true,"href":"https:\/\/ozince.com\/magaza\/wp-json\/wp\/v2\/product_brand?post=11778"},{"taxonomy":"product_cat","embeddable":true,"href":"https:\/\/ozince.com\/magaza\/wp-json\/wp\/v2\/product_cat?post=11778"},{"taxonomy":"product_tag","embeddable":true,"href":"https:\/\/ozince.com\/magaza\/wp-json\/wp\/v2\/product_tag?post=11778"}],"curies":[{"name":"wp","href":"https:\/\/api.w.org\/{rel}","templated":true}]}}