{"id":11735,"date":"2026-03-04T08:21:34","date_gmt":"2026-03-04T05:21:34","guid":{"rendered":"https:\/\/ozince.com\/magaza\/kategorilenmemis\/mhr-20056-polen-filtresi-linea-fiorino-egea-dby-bipper-combo-memo-swift-07-karbonlu\/"},"modified":"2026-03-04T08:21:35","modified_gmt":"2026-03-04T05:21:35","slug":"mhr-20056-polen-filtresi-linea-fiorino-egea-dby-bipper-combo-memo-swift-07-karbonlu","status":"publish","type":"product","link":"https:\/\/ozince.com\/magaza\/periyodik-bakim-ve-filtre-urunleri\/mhr-20056-polen-filtresi-linea-fiorino-egea-dby-bipper-combo-memo-swift-07-karbonlu\/","title":{"rendered":"MHR-20056 POLEN F\u0130LTRES\u0130 L\u0130NEA \/ FIORINO \/ EGEA \/ DBY \/ BIPPER \/ COMBO \/ MEMO \/ SWIFT 07= KARBONLU"},"content":{"rendered":"","protected":false},"excerpt":{"rendered":"","protected":false},"featured_media":14558,"template":"","meta":[],"product_brand":[288],"product_cat":[352],"product_tag":[378],"class_list":{"0":"post-11735","1":"product","2":"type-product","3":"status-publish","4":"has-post-thumbnail","6":"arac_markasi_modeli-combo","7":"arac_markasi_modeli-opel","8":"product_brand-maher","9":"product_cat-periyodik-bakim-ve-filtre-urunleri","10":"product_tag-altay","12":"first","13":"outofstock","14":"taxable","15":"shipping-taxable","16":"purchasable","17":"product-type-simple"},"jetpack_sharing_enabled":true,"_links":{"self":[{"href":"https:\/\/ozince.com\/magaza\/wp-json\/wp\/v2\/product\/11735","targetHints":{"allow":["GET"]}}],"collection":[{"href":"https:\/\/ozince.com\/magaza\/wp-json\/wp\/v2\/product"}],"about":[{"href":"https:\/\/ozince.com\/magaza\/wp-json\/wp\/v2\/types\/product"}],"wp:featuredmedia":[{"embeddable":true,"href":"https:\/\/ozince.com\/magaza\/wp-json\/wp\/v2\/media\/14558"}],"wp:attachment":[{"href":"https:\/\/ozince.com\/magaza\/wp-json\/wp\/v2\/media?parent=11735"}],"wp:term":[{"taxonomy":"product_brand","embeddable":true,"href":"https:\/\/ozince.com\/magaza\/wp-json\/wp\/v2\/product_brand?post=11735"},{"taxonomy":"product_cat","embeddable":true,"href":"https:\/\/ozince.com\/magaza\/wp-json\/wp\/v2\/product_cat?post=11735"},{"taxonomy":"product_tag","embeddable":true,"href":"https:\/\/ozince.com\/magaza\/wp-json\/wp\/v2\/product_tag?post=11735"}],"curies":[{"name":"wp","href":"https:\/\/api.w.org\/{rel}","templated":true}]}}