{"id":11720,"date":"2026-03-04T08:21:36","date_gmt":"2026-03-04T05:21:36","guid":{"rendered":"https:\/\/ozince.com\/magaza\/kategorilenmemis\/mhr-31270-eksantrik-zincir-seti-astra-corsa-combo-03-albea-doblo-palio-punto-linea-egea-fiorino-1-3jtd-1-3cdti-euro-4-5-16-parca-kapali-zincir-yag-pompa-conta-kece\/"},"modified":"2026-03-04T08:21:37","modified_gmt":"2026-03-04T05:21:37","slug":"mhr-31270-eksantrik-zincir-seti-astra-corsa-combo-03-albea-doblo-palio-punto-linea-egea-fiorino-1-3jtd-1-3cdti-euro-4-5-16-parca-kapali-zincir-yag-pompa-conta-kece","status":"publish","type":"product","link":"https:\/\/ozince.com\/magaza\/motor-mekanik-urunleri\/mhr-31270-eksantrik-zincir-seti-astra-corsa-combo-03-albea-doblo-palio-punto-linea-egea-fiorino-1-3jtd-1-3cdti-euro-4-5-16-parca-kapali-zincir-yag-pompa-conta-kece\/","title":{"rendered":"MHR-31270 EKSANTR\u0130K Z\u0130NC\u0130R SET\u0130 ASTRA \/ CORSA \/ COMBO 03= ALBEA \/ DOBLO \/ PAL\u0130O \/ PUNTO \/ L\u0130NEA \/ EGEA \/ FIORINO 1.3JTD-1.3CDTI EURO 4-5 (16 PAR\u00c7A KAPALI Z\u0130NC\u0130R) YA\u011e POMPA CONTA + KE\u00c7E"},"content":{"rendered":"","protected":false},"excerpt":{"rendered":"","protected":false},"featured_media":12355,"template":"","meta":[],"product_brand":[288],"product_cat":[298],"product_tag":[378],"class_list":{"0":"post-11720","1":"product","2":"type-product","3":"status-publish","4":"has-post-thumbnail","6":"arac_markasi_modeli-corsa","7":"arac_markasi_modeli-opel","8":"product_brand-maher","9":"product_cat-motor-mekanik-urunleri","10":"product_tag-altay","12":"first","13":"instock","14":"taxable","15":"shipping-taxable","16":"purchasable","17":"product-type-simple"},"jetpack_sharing_enabled":true,"_links":{"self":[{"href":"https:\/\/ozince.com\/magaza\/wp-json\/wp\/v2\/product\/11720","targetHints":{"allow":["GET"]}}],"collection":[{"href":"https:\/\/ozince.com\/magaza\/wp-json\/wp\/v2\/product"}],"about":[{"href":"https:\/\/ozince.com\/magaza\/wp-json\/wp\/v2\/types\/product"}],"wp:featuredmedia":[{"embeddable":true,"href":"https:\/\/ozince.com\/magaza\/wp-json\/wp\/v2\/media\/12355"}],"wp:attachment":[{"href":"https:\/\/ozince.com\/magaza\/wp-json\/wp\/v2\/media?parent=11720"}],"wp:term":[{"taxonomy":"product_brand","embeddable":true,"href":"https:\/\/ozince.com\/magaza\/wp-json\/wp\/v2\/product_brand?post=11720"},{"taxonomy":"product_cat","embeddable":true,"href":"https:\/\/ozince.com\/magaza\/wp-json\/wp\/v2\/product_cat?post=11720"},{"taxonomy":"product_tag","embeddable":true,"href":"https:\/\/ozince.com\/magaza\/wp-json\/wp\/v2\/product_tag?post=11720"}],"curies":[{"name":"wp","href":"https:\/\/api.w.org\/{rel}","templated":true}]}}