{"id":11719,"date":"2026-03-05T08:21:27","date_gmt":"2026-03-05T05:21:27","guid":{"rendered":"https:\/\/ozince.com\/magaza\/kategorilenmemis\/mhr-30065-yag-karteri-musirsiz-linea-albea-doblo-g-punto-palio-1-3jtd-astra-corsa-1-3cdti-swift-ka-tork-tapali\/"},"modified":"2026-03-05T08:21:27","modified_gmt":"2026-03-05T05:21:27","slug":"mhr-30065-yag-karteri-musirsiz-linea-albea-doblo-g-punto-palio-1-3jtd-astra-corsa-1-3cdti-swift-ka-tork-tapali","status":"publish","type":"product","link":"https:\/\/ozince.com\/magaza\/motor-mekanik-urunleri\/mhr-30065-yag-karteri-musirsiz-linea-albea-doblo-g-punto-palio-1-3jtd-astra-corsa-1-3cdti-swift-ka-tork-tapali\/","title":{"rendered":"MHR-30065 YA\u011e KARTER\u0130 (M\u00dc\u015e\u0130RS\u0130Z) LINEA \/ ALBEA \/ DOBLO \/ G.PUNTO \/ PALIO 1.3JTD \/ ASTRA \/ CORSA 1.3CDTI \/ SWIFT \/ KA (TORK TAPALI)"},"content":{"rendered":"","protected":false},"excerpt":{"rendered":"","protected":false},"featured_media":0,"template":"","meta":[],"product_brand":[288],"product_cat":[298],"product_tag":[378],"class_list":{"0":"post-11719","1":"product","2":"type-product","3":"status-publish","5":"arac_markasi_modeli-corsa","6":"arac_markasi_modeli-opel","7":"product_brand-maher","8":"product_cat-motor-mekanik-urunleri","9":"product_tag-altay","11":"first","12":"outofstock","13":"taxable","14":"shipping-taxable","15":"purchasable","16":"product-type-simple"},"jetpack_sharing_enabled":true,"_links":{"self":[{"href":"https:\/\/ozince.com\/magaza\/wp-json\/wp\/v2\/product\/11719","targetHints":{"allow":["GET"]}}],"collection":[{"href":"https:\/\/ozince.com\/magaza\/wp-json\/wp\/v2\/product"}],"about":[{"href":"https:\/\/ozince.com\/magaza\/wp-json\/wp\/v2\/types\/product"}],"wp:attachment":[{"href":"https:\/\/ozince.com\/magaza\/wp-json\/wp\/v2\/media?parent=11719"}],"wp:term":[{"taxonomy":"product_brand","embeddable":true,"href":"https:\/\/ozince.com\/magaza\/wp-json\/wp\/v2\/product_brand?post=11719"},{"taxonomy":"product_cat","embeddable":true,"href":"https:\/\/ozince.com\/magaza\/wp-json\/wp\/v2\/product_cat?post=11719"},{"taxonomy":"product_tag","embeddable":true,"href":"https:\/\/ozince.com\/magaza\/wp-json\/wp\/v2\/product_tag?post=11719"}],"curies":[{"name":"wp","href":"https:\/\/api.w.org\/{rel}","templated":true}]}}