{"id":11497,"date":"2026-04-08T08:16:30","date_gmt":"2026-04-08T05:16:30","guid":{"rendered":"https:\/\/ozince.com\/magaza\/kategorilenmemis\/skf-vkbc20075-teker-poryasi-astra-h-04-10-zafira-b-05-15-rulmanli-5-bijon-absli-on\/"},"modified":"2026-04-08T08:16:30","modified_gmt":"2026-04-08T05:16:30","slug":"skf-vkbc20075-teker-poryasi-astra-h-04-10-zafira-b-05-15-rulmanli-5-bijon-absli-on","status":"publish","type":"product","link":"https:\/\/ozince.com\/magaza\/aks-urunleri\/skf-vkbc20075-teker-poryasi-astra-h-04-10-zafira-b-05-15-rulmanli-5-bijon-absli-on\/","title":{"rendered":"SKF-VKBC20075 TEKER PORYASI ASTRA H 04-10 \/ ZAFIRA B 05-15 RULMANLI 5 B\u0130JON ABSL\u0130 \u00d6N"},"content":{"rendered":"","protected":false},"excerpt":{"rendered":"","protected":false},"featured_media":0,"template":"","meta":[],"product_brand":[307],"product_cat":[379],"product_tag":[378],"class_list":{"0":"post-11497","1":"product","2":"type-product","3":"status-publish","5":"arac_markasi_modeli-astra-h","6":"arac_markasi_modeli-opel","7":"arac_markasi_modeli-zafira-b","8":"product_brand-skf","9":"product_cat-aks-urunleri","10":"product_tag-altay","12":"first","13":"outofstock","14":"taxable","15":"shipping-taxable","16":"purchasable","17":"product-type-simple"},"jetpack_sharing_enabled":true,"_links":{"self":[{"href":"https:\/\/ozince.com\/magaza\/wp-json\/wp\/v2\/product\/11497","targetHints":{"allow":["GET"]}}],"collection":[{"href":"https:\/\/ozince.com\/magaza\/wp-json\/wp\/v2\/product"}],"about":[{"href":"https:\/\/ozince.com\/magaza\/wp-json\/wp\/v2\/types\/product"}],"wp:attachment":[{"href":"https:\/\/ozince.com\/magaza\/wp-json\/wp\/v2\/media?parent=11497"}],"wp:term":[{"taxonomy":"product_brand","embeddable":true,"href":"https:\/\/ozince.com\/magaza\/wp-json\/wp\/v2\/product_brand?post=11497"},{"taxonomy":"product_cat","embeddable":true,"href":"https:\/\/ozince.com\/magaza\/wp-json\/wp\/v2\/product_cat?post=11497"},{"taxonomy":"product_tag","embeddable":true,"href":"https:\/\/ozince.com\/magaza\/wp-json\/wp\/v2\/product_tag?post=11497"}],"curies":[{"name":"wp","href":"https:\/\/api.w.org\/{rel}","templated":true}]}}