{"id":11483,"date":"2026-04-11T08:19:13","date_gmt":"2026-04-11T05:19:13","guid":{"rendered":"https:\/\/ozince.com\/magaza\/kategorilenmemis\/est-36040-eksantrik-mili-corsa-c-combo-c-astra-h-astra-g-meriva-z17dtl-z17dth-y17dtl-emme\/"},"modified":"2026-04-11T08:19:14","modified_gmt":"2026-04-11T05:19:14","slug":"est-36040-eksantrik-mili-corsa-c-combo-c-astra-h-astra-g-meriva-z17dtl-z17dth-y17dtl-emme","status":"publish","type":"product","link":"https:\/\/ozince.com\/magaza\/motor-mekanik-urunleri\/est-36040-eksantrik-mili-corsa-c-combo-c-astra-h-astra-g-meriva-z17dtl-z17dth-y17dtl-emme\/","title":{"rendered":"EST-36040 EKSANTR\u0130K M\u0130L\u0130 CORSA C \/ COMBO C \/ ASTRA H \/ ASTRA G \/ MERIVA Z17DTL-Z17DTH-Y17DTL EMME"},"content":{"rendered":"","protected":false},"excerpt":{"rendered":"","protected":false},"featured_media":15079,"template":"","meta":[],"product_brand":[447],"product_cat":[298],"product_tag":[378],"class_list":{"0":"post-11483","1":"product","2":"type-product","3":"status-publish","4":"has-post-thumbnail","6":"arac_markasi_modeli-astra-g","7":"arac_markasi_modeli-astra-h","8":"arac_markasi_modeli-combo-c","9":"arac_markasi_modeli-corsa-c","10":"arac_markasi_modeli-meriva","11":"arac_markasi_modeli-opel","12":"product_brand-estas","13":"product_cat-motor-mekanik-urunleri","14":"product_tag-altay","16":"first","17":"instock","18":"taxable","19":"shipping-taxable","20":"purchasable","21":"product-type-simple"},"jetpack_sharing_enabled":true,"_links":{"self":[{"href":"https:\/\/ozince.com\/magaza\/wp-json\/wp\/v2\/product\/11483","targetHints":{"allow":["GET"]}}],"collection":[{"href":"https:\/\/ozince.com\/magaza\/wp-json\/wp\/v2\/product"}],"about":[{"href":"https:\/\/ozince.com\/magaza\/wp-json\/wp\/v2\/types\/product"}],"wp:featuredmedia":[{"embeddable":true,"href":"https:\/\/ozince.com\/magaza\/wp-json\/wp\/v2\/media\/15079"}],"wp:attachment":[{"href":"https:\/\/ozince.com\/magaza\/wp-json\/wp\/v2\/media?parent=11483"}],"wp:term":[{"taxonomy":"product_brand","embeddable":true,"href":"https:\/\/ozince.com\/magaza\/wp-json\/wp\/v2\/product_brand?post=11483"},{"taxonomy":"product_cat","embeddable":true,"href":"https:\/\/ozince.com\/magaza\/wp-json\/wp\/v2\/product_cat?post=11483"},{"taxonomy":"product_tag","embeddable":true,"href":"https:\/\/ozince.com\/magaza\/wp-json\/wp\/v2\/product_tag?post=11483"}],"curies":[{"name":"wp","href":"https:\/\/api.w.org\/{rel}","templated":true}]}}