{"id":11375,"date":"2026-04-12T08:18:42","date_gmt":"2026-04-12T05:18:42","guid":{"rendered":"https:\/\/ozince.com\/magaza\/kategorilenmemis\/swg-33110999-hortum-genlesme-sise-astra-j-cascada-corsa-e-insignia-a-mokka-mokka-x-a14net-b14net\/"},"modified":"2026-04-12T08:18:44","modified_gmt":"2026-04-12T05:18:44","slug":"swg-33110999-hortum-genlesme-sise-astra-j-cascada-corsa-e-insignia-a-mokka-mokka-x-a14net-b14net","status":"publish","type":"product","link":"https:\/\/ozince.com\/magaza\/motor-sogutma-ve-radyator-urunleri\/swg-33110999-hortum-genlesme-sise-astra-j-cascada-corsa-e-insignia-a-mokka-mokka-x-a14net-b14net\/","title":{"rendered":"SWG-33110999 HORTUM GENLE\u015eME \u015e\u0130\u015eE ASTRA J \/ CASCADA \/ CORSA E \/ INSIGNIA A \/ MOKKA \/ MOKKA X A14NET-B14NET"},"content":{"rendered":"","protected":false},"excerpt":{"rendered":"","protected":false},"featured_media":13251,"template":"","meta":[],"product_brand":[309],"product_cat":[324],"product_tag":[378],"class_list":{"0":"post-11375","1":"product","2":"type-product","3":"status-publish","4":"has-post-thumbnail","6":"arac_markasi_modeli-astra-j","7":"arac_markasi_modeli-corsa-e","8":"arac_markasi_modeli-insignia-a","9":"arac_markasi_modeli-mokka","10":"arac_markasi_modeli-mokka-x","11":"arac_markasi_modeli-opel","12":"product_brand-swag","13":"product_cat-motor-sogutma-ve-radyator-urunleri","14":"product_tag-altay","16":"first","17":"instock","18":"taxable","19":"shipping-taxable","20":"purchasable","21":"product-type-simple"},"jetpack_sharing_enabled":true,"_links":{"self":[{"href":"https:\/\/ozince.com\/magaza\/wp-json\/wp\/v2\/product\/11375","targetHints":{"allow":["GET"]}}],"collection":[{"href":"https:\/\/ozince.com\/magaza\/wp-json\/wp\/v2\/product"}],"about":[{"href":"https:\/\/ozince.com\/magaza\/wp-json\/wp\/v2\/types\/product"}],"wp:featuredmedia":[{"embeddable":true,"href":"https:\/\/ozince.com\/magaza\/wp-json\/wp\/v2\/media\/13251"}],"wp:attachment":[{"href":"https:\/\/ozince.com\/magaza\/wp-json\/wp\/v2\/media?parent=11375"}],"wp:term":[{"taxonomy":"product_brand","embeddable":true,"href":"https:\/\/ozince.com\/magaza\/wp-json\/wp\/v2\/product_brand?post=11375"},{"taxonomy":"product_cat","embeddable":true,"href":"https:\/\/ozince.com\/magaza\/wp-json\/wp\/v2\/product_cat?post=11375"},{"taxonomy":"product_tag","embeddable":true,"href":"https:\/\/ozince.com\/magaza\/wp-json\/wp\/v2\/product_tag?post=11375"}],"curies":[{"name":"wp","href":"https:\/\/api.w.org\/{rel}","templated":true}]}}