{"id":11303,"date":"2026-04-10T08:13:30","date_gmt":"2026-04-10T05:13:30","guid":{"rendered":"https:\/\/ozince.com\/magaza\/kategorilenmemis\/ina-529031110-vantilator-gergi-seti-astra-j-astra-k-insignia-a-insignia-b-mokka-mokka-x-zafira-c-b16dth-d16dth-b16dte-a16dth\/"},"modified":"2026-04-10T08:13:30","modified_gmt":"2026-04-10T05:13:30","slug":"ina-529031110-vantilator-gergi-seti-astra-j-astra-k-insignia-a-insignia-b-mokka-mokka-x-zafira-c-b16dth-d16dth-b16dte-a16dth","status":"publish","type":"product","link":"https:\/\/ozince.com\/magaza\/motor-mekanik-urunleri\/ina-529031110-vantilator-gergi-seti-astra-j-astra-k-insignia-a-insignia-b-mokka-mokka-x-zafira-c-b16dth-d16dth-b16dte-a16dth\/","title":{"rendered":"INA-529031110 VANT\u0130LAT\u00d6R GERG\u0130 SET\u0130 ASTRA J \/ ASTRA K \/ INSIGNIA A \/ INSIGNIA B \/ MOKKA \/ MOKKA X \/ ZAFIRA C B16DTH-D16DTH-B16DTE-A16DTH"},"content":{"rendered":"","protected":false},"excerpt":{"rendered":"","protected":false},"featured_media":13705,"template":"","meta":[],"product_brand":[303],"product_cat":[298],"product_tag":[378],"class_list":{"0":"post-11303","1":"product","2":"type-product","3":"status-publish","4":"has-post-thumbnail","6":"arac_markasi_modeli-astra-j","7":"arac_markasi_modeli-astra-k","8":"arac_markasi_modeli-insignia-a","9":"arac_markasi_modeli-insignia-b","10":"arac_markasi_modeli-mokka","11":"arac_markasi_modeli-mokka-x","12":"arac_markasi_modeli-opel","13":"arac_markasi_modeli-zafira-c","14":"product_brand-ina","15":"product_cat-motor-mekanik-urunleri","16":"product_tag-altay","18":"first","19":"outofstock","20":"taxable","21":"shipping-taxable","22":"purchasable","23":"product-type-simple"},"jetpack_sharing_enabled":true,"_links":{"self":[{"href":"https:\/\/ozince.com\/magaza\/wp-json\/wp\/v2\/product\/11303","targetHints":{"allow":["GET"]}}],"collection":[{"href":"https:\/\/ozince.com\/magaza\/wp-json\/wp\/v2\/product"}],"about":[{"href":"https:\/\/ozince.com\/magaza\/wp-json\/wp\/v2\/types\/product"}],"wp:featuredmedia":[{"embeddable":true,"href":"https:\/\/ozince.com\/magaza\/wp-json\/wp\/v2\/media\/13705"}],"wp:attachment":[{"href":"https:\/\/ozince.com\/magaza\/wp-json\/wp\/v2\/media?parent=11303"}],"wp:term":[{"taxonomy":"product_brand","embeddable":true,"href":"https:\/\/ozince.com\/magaza\/wp-json\/wp\/v2\/product_brand?post=11303"},{"taxonomy":"product_cat","embeddable":true,"href":"https:\/\/ozince.com\/magaza\/wp-json\/wp\/v2\/product_cat?post=11303"},{"taxonomy":"product_tag","embeddable":true,"href":"https:\/\/ozince.com\/magaza\/wp-json\/wp\/v2\/product_tag?post=11303"}],"curies":[{"name":"wp","href":"https:\/\/api.w.org\/{rel}","templated":true}]}}