{"id":11242,"date":"2025-10-14T14:12:39","date_gmt":"2025-10-14T11:12:39","guid":{"rendered":"https:\/\/ozince.com\/magaza\/kategorilenmemis\/cfa-101-300-fren-silindiri-astra-f-ascona-kadett-e-dokum-1746mm-arka-sol-sag\/"},"modified":"2026-01-13T18:26:23","modified_gmt":"2026-01-13T15:26:23","slug":"cfa-101-300-fren-silindiri-astra-f-ascona-kadett-e-dokum-1746mm-arka-sol-sag","status":"publish","type":"product","link":"https:\/\/ozince.com\/magaza\/fren-sistemi-urunleri\/cfa-101-300-fren-silindiri-astra-f-ascona-kadett-e-dokum-1746mm-arka-sol-sag\/","title":{"rendered":"CFA-101-300 FREN S\u0130L\u0130ND\u0130R\u0130 ASTRA F \/ ASCONA \/ KADETT E D\u00d6K\u00dcM 17,46mm ARKA SOL-SA\u011e"},"content":{"rendered":"","protected":false},"excerpt":{"rendered":"","protected":false},"featured_media":14778,"template":"","meta":[],"product_brand":[446],"product_cat":[257],"product_tag":[378],"class_list":{"0":"post-11242","1":"product","2":"type-product","3":"status-publish","4":"has-post-thumbnail","6":"arac_markasi_modeli-astra-f","7":"arac_markasi_modeli-opel","8":"product_brand-cifam","9":"product_cat-fren-sistemi-urunleri","10":"product_tag-altay","12":"first","13":"instock","14":"taxable","15":"shipping-taxable","16":"purchasable","17":"product-type-simple"},"jetpack_sharing_enabled":true,"_links":{"self":[{"href":"https:\/\/ozince.com\/magaza\/wp-json\/wp\/v2\/product\/11242","targetHints":{"allow":["GET"]}}],"collection":[{"href":"https:\/\/ozince.com\/magaza\/wp-json\/wp\/v2\/product"}],"about":[{"href":"https:\/\/ozince.com\/magaza\/wp-json\/wp\/v2\/types\/product"}],"wp:featuredmedia":[{"embeddable":true,"href":"https:\/\/ozince.com\/magaza\/wp-json\/wp\/v2\/media\/14778"}],"wp:attachment":[{"href":"https:\/\/ozince.com\/magaza\/wp-json\/wp\/v2\/media?parent=11242"}],"wp:term":[{"taxonomy":"product_brand","embeddable":true,"href":"https:\/\/ozince.com\/magaza\/wp-json\/wp\/v2\/product_brand?post=11242"},{"taxonomy":"product_cat","embeddable":true,"href":"https:\/\/ozince.com\/magaza\/wp-json\/wp\/v2\/product_cat?post=11242"},{"taxonomy":"product_tag","embeddable":true,"href":"https:\/\/ozince.com\/magaza\/wp-json\/wp\/v2\/product_tag?post=11242"}],"curies":[{"name":"wp","href":"https:\/\/api.w.org\/{rel}","templated":true}]}}