{"id":11141,"date":"2026-04-09T08:06:41","date_gmt":"2026-04-09T05:06:41","guid":{"rendered":"https:\/\/ozince.com\/magaza\/kategorilenmemis\/hel-5da358000-231-atesleme-bobini-astra-j-09-16-1-6-t-insignia-08-1-6-corsa-e-14-1-6-16v-turbo-a16let-aveo-t300-mokka-cruze-a16xer\/"},"modified":"2026-04-09T08:06:43","modified_gmt":"2026-04-09T05:06:43","slug":"hel-5da358000-231-atesleme-bobini-astra-j-09-16-1-6-t-insignia-08-1-6-corsa-e-14-1-6-16v-turbo-a16let-aveo-t300-mokka-cruze-a16xer","status":"publish","type":"product","link":"https:\/\/ozince.com\/magaza\/sensor-ve-elektrik-urunleri\/hel-5da358000-231-atesleme-bobini-astra-j-09-16-1-6-t-insignia-08-1-6-corsa-e-14-1-6-16v-turbo-a16let-aveo-t300-mokka-cruze-a16xer\/","title":{"rendered":"HEL-5DA358000-231 ATE\u015eLEME BOB\u0130N\u0130 ASTRA J 09-16 1.6 T \/ INSIGNIA 08= 1.6 \/ CORSA E 14= 1.6 16V TURBO \/ A16LET \/ AVEO T300 \/ MOKKA \/ CRUZE &#8211; A16XER"},"content":{"rendered":"","protected":false},"excerpt":{"rendered":"","protected":false},"featured_media":13958,"template":"","meta":[],"product_brand":[199],"product_cat":[374],"product_tag":[378],"class_list":{"0":"post-11141","1":"product","2":"type-product","3":"status-publish","4":"has-post-thumbnail","6":"arac_markasi_modeli-astra-j","7":"arac_markasi_modeli-corsa-e","8":"arac_markasi_modeli-mokka","9":"arac_markasi_modeli-opel","10":"product_brand-hella","11":"product_cat-sensor-ve-elektrik-urunleri","12":"product_tag-altay","14":"first","15":"instock","16":"taxable","17":"shipping-taxable","18":"purchasable","19":"product-type-simple"},"jetpack_sharing_enabled":true,"_links":{"self":[{"href":"https:\/\/ozince.com\/magaza\/wp-json\/wp\/v2\/product\/11141","targetHints":{"allow":["GET"]}}],"collection":[{"href":"https:\/\/ozince.com\/magaza\/wp-json\/wp\/v2\/product"}],"about":[{"href":"https:\/\/ozince.com\/magaza\/wp-json\/wp\/v2\/types\/product"}],"wp:featuredmedia":[{"embeddable":true,"href":"https:\/\/ozince.com\/magaza\/wp-json\/wp\/v2\/media\/13958"}],"wp:attachment":[{"href":"https:\/\/ozince.com\/magaza\/wp-json\/wp\/v2\/media?parent=11141"}],"wp:term":[{"taxonomy":"product_brand","embeddable":true,"href":"https:\/\/ozince.com\/magaza\/wp-json\/wp\/v2\/product_brand?post=11141"},{"taxonomy":"product_cat","embeddable":true,"href":"https:\/\/ozince.com\/magaza\/wp-json\/wp\/v2\/product_cat?post=11141"},{"taxonomy":"product_tag","embeddable":true,"href":"https:\/\/ozince.com\/magaza\/wp-json\/wp\/v2\/product_tag?post=11141"}],"curies":[{"name":"wp","href":"https:\/\/api.w.org\/{rel}","templated":true}]}}