{"id":11087,"date":"2026-04-10T08:05:03","date_gmt":"2026-04-10T05:05:03","guid":{"rendered":"https:\/\/ozince.com\/magaza\/kategorilenmemis\/gmb-gtb0030-triger-gergisi-opel-astra-f-astra-g-corsa-b-meriva-vectra-b\/"},"modified":"2026-04-10T08:05:04","modified_gmt":"2026-04-10T05:05:04","slug":"gmb-gtb0030-triger-gergisi-opel-astra-f-astra-g-corsa-b-meriva-vectra-b","status":"publish","type":"product","link":"https:\/\/ozince.com\/magaza\/motor-mekanik-urunleri\/gmb-gtb0030-triger-gergisi-opel-astra-f-astra-g-corsa-b-meriva-vectra-b\/","title":{"rendered":"GMB-GTB0030 TR\u0130GER GERG\u0130S\u0130 OPEL ASTRA F \/ ASTRA G \/ CORSA B \/ MERIVA \/ VECTRA B"},"content":{"rendered":"","protected":false},"excerpt":{"rendered":"","protected":false},"featured_media":0,"template":"","meta":[],"product_brand":[426],"product_cat":[298],"product_tag":[378],"class_list":{"0":"post-11087","1":"product","2":"type-product","3":"status-publish","5":"arac_markasi_modeli-astra-f","6":"arac_markasi_modeli-astra-g","7":"arac_markasi_modeli-corsa-b","8":"arac_markasi_modeli-meriva","9":"arac_markasi_modeli-opel","10":"arac_markasi_modeli-vectra-b","11":"product_brand-gmb","12":"product_cat-motor-mekanik-urunleri","13":"product_tag-altay","15":"first","16":"instock","17":"taxable","18":"shipping-taxable","19":"purchasable","20":"product-type-simple"},"jetpack_sharing_enabled":true,"_links":{"self":[{"href":"https:\/\/ozince.com\/magaza\/wp-json\/wp\/v2\/product\/11087","targetHints":{"allow":["GET"]}}],"collection":[{"href":"https:\/\/ozince.com\/magaza\/wp-json\/wp\/v2\/product"}],"about":[{"href":"https:\/\/ozince.com\/magaza\/wp-json\/wp\/v2\/types\/product"}],"wp:attachment":[{"href":"https:\/\/ozince.com\/magaza\/wp-json\/wp\/v2\/media?parent=11087"}],"wp:term":[{"taxonomy":"product_brand","embeddable":true,"href":"https:\/\/ozince.com\/magaza\/wp-json\/wp\/v2\/product_brand?post=11087"},{"taxonomy":"product_cat","embeddable":true,"href":"https:\/\/ozince.com\/magaza\/wp-json\/wp\/v2\/product_cat?post=11087"},{"taxonomy":"product_tag","embeddable":true,"href":"https:\/\/ozince.com\/magaza\/wp-json\/wp\/v2\/product_tag?post=11087"}],"curies":[{"name":"wp","href":"https:\/\/api.w.org\/{rel}","templated":true}]}}