{"id":11079,"date":"2026-04-16T08:08:04","date_gmt":"2026-04-16T05:08:04","guid":{"rendered":"https:\/\/ozince.com\/magaza\/kategorilenmemis\/elr-259-821-silindir-kapak-contasi-astra-k-insignia-b-mokka-mokka-x-b14xe-b14xft-b15sft\/"},"modified":"2026-04-16T08:08:05","modified_gmt":"2026-04-16T05:08:05","slug":"vr-61-10180-00-silindir-kapak-contasi-astra-k-insignia-b-mokka-mokka-x-b14xe-b14xft-b15sft","status":"publish","type":"product","link":"https:\/\/ozince.com\/magaza\/motor-mekanik-urunleri\/vr-61-10180-00-silindir-kapak-contasi-astra-k-insignia-b-mokka-mokka-x-b14xe-b14xft-b15sft\/","title":{"rendered":"VR-61-10180-00 S\u0130L\u0130ND\u0130R KAPAK CONTASI ASTRA K \/ INSIGNIA B \/ MOKKA \/ MOKKA X B14XE-B14XFT-B15SFT"},"content":{"rendered":"","protected":false},"excerpt":{"rendered":"","protected":false},"featured_media":14081,"template":"","meta":[],"product_brand":[422],"product_cat":[298],"product_tag":[378],"class_list":{"0":"post-11079","1":"product","2":"type-product","3":"status-publish","4":"has-post-thumbnail","6":"arac_markasi_modeli-astra-k","7":"arac_markasi_modeli-insignia-b","8":"arac_markasi_modeli-mokka","9":"arac_markasi_modeli-mokka-x","10":"arac_markasi_modeli-opel","11":"product_brand-v-reinz","12":"product_cat-motor-mekanik-urunleri","13":"product_tag-altay","15":"first","16":"instock","17":"taxable","18":"shipping-taxable","19":"purchasable","20":"product-type-simple"},"jetpack_sharing_enabled":true,"_links":{"self":[{"href":"https:\/\/ozince.com\/magaza\/wp-json\/wp\/v2\/product\/11079","targetHints":{"allow":["GET"]}}],"collection":[{"href":"https:\/\/ozince.com\/magaza\/wp-json\/wp\/v2\/product"}],"about":[{"href":"https:\/\/ozince.com\/magaza\/wp-json\/wp\/v2\/types\/product"}],"wp:featuredmedia":[{"embeddable":true,"href":"https:\/\/ozince.com\/magaza\/wp-json\/wp\/v2\/media\/14081"}],"wp:attachment":[{"href":"https:\/\/ozince.com\/magaza\/wp-json\/wp\/v2\/media?parent=11079"}],"wp:term":[{"taxonomy":"product_brand","embeddable":true,"href":"https:\/\/ozince.com\/magaza\/wp-json\/wp\/v2\/product_brand?post=11079"},{"taxonomy":"product_cat","embeddable":true,"href":"https:\/\/ozince.com\/magaza\/wp-json\/wp\/v2\/product_cat?post=11079"},{"taxonomy":"product_tag","embeddable":true,"href":"https:\/\/ozince.com\/magaza\/wp-json\/wp\/v2\/product_tag?post=11079"}],"curies":[{"name":"wp","href":"https:\/\/api.w.org\/{rel}","templated":true}]}}