{"id":11050,"date":"2026-03-05T08:05:32","date_gmt":"2026-03-05T05:05:32","guid":{"rendered":"https:\/\/ozince.com\/magaza\/kategorilenmemis\/win-0500603-hortum-enjektor-geri-donus-opel-corsa-c-combo-c-meriva-a-tigra-b-04-z13dt-fiat-doblo-panda-punto\/"},"modified":"2026-03-05T08:05:32","modified_gmt":"2026-03-05T05:05:32","slug":"win-0500603-hortum-enjektor-geri-donus-opel-corsa-c-combo-c-meriva-a-tigra-b-04-z13dt-fiat-doblo-panda-punto","status":"publish","type":"product","link":"https:\/\/ozince.com\/magaza\/motor-sogutma-ve-radyator-urunleri\/win-0500603-hortum-enjektor-geri-donus-opel-corsa-c-combo-c-meriva-a-tigra-b-04-z13dt-fiat-doblo-panda-punto\/","title":{"rendered":"WIN-0500603 HORTUM ENJEKT\u00d6R GER\u0130 D\u00d6N\u00dc\u015e OPEL CORSA C \/ COMBO C \/ MERIVA A \/ TIGRA B 04= Z13DT FIAT DOBLO \/ PANDA \/ PUNTO"},"content":{"rendered":"","protected":false},"excerpt":{"rendered":"","protected":false},"featured_media":15870,"template":"","meta":[],"product_brand":[423],"product_cat":[324],"product_tag":[378],"class_list":{"0":"post-11050","1":"product","2":"type-product","3":"status-publish","4":"has-post-thumbnail","6":"arac_markasi_modeli-combo-c","7":"arac_markasi_modeli-corsa-c","8":"arac_markasi_modeli-meriva","9":"arac_markasi_modeli-meriva-a","10":"arac_markasi_modeli-opel","11":"arac_markasi_modeli-tigra","12":"arac_markasi_modeli-tigra-b","13":"product_brand-wintech","14":"product_cat-motor-sogutma-ve-radyator-urunleri","15":"product_tag-altay","17":"first","18":"instock","19":"taxable","20":"shipping-taxable","21":"purchasable","22":"product-type-simple"},"jetpack_sharing_enabled":true,"_links":{"self":[{"href":"https:\/\/ozince.com\/magaza\/wp-json\/wp\/v2\/product\/11050","targetHints":{"allow":["GET"]}}],"collection":[{"href":"https:\/\/ozince.com\/magaza\/wp-json\/wp\/v2\/product"}],"about":[{"href":"https:\/\/ozince.com\/magaza\/wp-json\/wp\/v2\/types\/product"}],"wp:featuredmedia":[{"embeddable":true,"href":"https:\/\/ozince.com\/magaza\/wp-json\/wp\/v2\/media\/15870"}],"wp:attachment":[{"href":"https:\/\/ozince.com\/magaza\/wp-json\/wp\/v2\/media?parent=11050"}],"wp:term":[{"taxonomy":"product_brand","embeddable":true,"href":"https:\/\/ozince.com\/magaza\/wp-json\/wp\/v2\/product_brand?post=11050"},{"taxonomy":"product_cat","embeddable":true,"href":"https:\/\/ozince.com\/magaza\/wp-json\/wp\/v2\/product_cat?post=11050"},{"taxonomy":"product_tag","embeddable":true,"href":"https:\/\/ozince.com\/magaza\/wp-json\/wp\/v2\/product_tag?post=11050"}],"curies":[{"name":"wp","href":"https:\/\/api.w.org\/{rel}","templated":true}]}}