{"id":11023,"date":"2026-04-09T08:06:15","date_gmt":"2026-04-09T05:06:15","guid":{"rendered":"https:\/\/ozince.com\/magaza\/kategorilenmemis\/hel-5da358057-031-atesleme-bobini-kalos-03-08-1-2-1-4-aveo-06-11-1-2-8v-spark-10-14-1-0-16v-1-2-16v-spark-05-10-1-0-evanda-03-06-2-0-f14s3-f14d3\/"},"modified":"2026-04-09T08:06:16","modified_gmt":"2026-04-09T05:06:16","slug":"hel-5da358057-031-atesleme-bobini-kalos-03-08-1-2-1-4-aveo-06-11-1-2-8v-spark-10-14-1-0-16v-1-2-16v-spark-05-10-1-0-evanda-03-06-2-0-f14s3-f14d3","status":"publish","type":"product","link":"https:\/\/ozince.com\/magaza\/sensor-ve-elektrik-urunleri\/hel-5da358057-031-atesleme-bobini-kalos-03-08-1-2-1-4-aveo-06-11-1-2-8v-spark-10-14-1-0-16v-1-2-16v-spark-05-10-1-0-evanda-03-06-2-0-f14s3-f14d3\/","title":{"rendered":"HEL-5DA358057-031 ATE\u015eLEME BOB\u0130N\u0130 KALOS 03-08 1.2-1.4 \/ AVEO 06-11 1.2 8V \/ SPARK 10-14 1.0 16V-1.2 16V \/ SPARK 05-10 1.0 \/ EVANDA 03-06 2.0 \/ F14S3-F14D3"},"content":{"rendered":"","protected":false},"excerpt":{"rendered":"","protected":false},"featured_media":15219,"template":"","meta":[],"product_brand":[199],"product_cat":[374],"product_tag":[378],"class_list":{"0":"post-11023","1":"product","2":"type-product","3":"status-publish","4":"has-post-thumbnail","6":"arac_markasi_modeli-aveo","7":"arac_markasi_modeli-chevrolet","8":"arac_markasi_modeli-kalos","9":"arac_markasi_modeli-spark","10":"product_brand-hella","11":"product_cat-sensor-ve-elektrik-urunleri","12":"product_tag-altay","14":"first","15":"instock","16":"taxable","17":"shipping-taxable","18":"purchasable","19":"product-type-simple"},"jetpack_sharing_enabled":true,"_links":{"self":[{"href":"https:\/\/ozince.com\/magaza\/wp-json\/wp\/v2\/product\/11023","targetHints":{"allow":["GET"]}}],"collection":[{"href":"https:\/\/ozince.com\/magaza\/wp-json\/wp\/v2\/product"}],"about":[{"href":"https:\/\/ozince.com\/magaza\/wp-json\/wp\/v2\/types\/product"}],"wp:featuredmedia":[{"embeddable":true,"href":"https:\/\/ozince.com\/magaza\/wp-json\/wp\/v2\/media\/15219"}],"wp:attachment":[{"href":"https:\/\/ozince.com\/magaza\/wp-json\/wp\/v2\/media?parent=11023"}],"wp:term":[{"taxonomy":"product_brand","embeddable":true,"href":"https:\/\/ozince.com\/magaza\/wp-json\/wp\/v2\/product_brand?post=11023"},{"taxonomy":"product_cat","embeddable":true,"href":"https:\/\/ozince.com\/magaza\/wp-json\/wp\/v2\/product_cat?post=11023"},{"taxonomy":"product_tag","embeddable":true,"href":"https:\/\/ozince.com\/magaza\/wp-json\/wp\/v2\/product_tag?post=11023"}],"curies":[{"name":"wp","href":"https:\/\/api.w.org\/{rel}","templated":true}]}}