{"id":11011,"date":"2026-04-24T08:05:56","date_gmt":"2026-04-24T05:05:56","guid":{"rendered":"https:\/\/ozince.com\/magaza\/kategorilenmemis\/sac-3182600255-debriyaj-rulmani-sensorlu-astra-k-corsa-e-b13dte-b13dtr-b14xel-d14xel\/"},"modified":"2026-04-24T08:05:58","modified_gmt":"2026-04-24T05:05:58","slug":"sac-3182600255-debriyaj-rulmani-sensorlu-astra-k-corsa-e-b13dte-b13dtr-b14xel-d14xel","status":"publish","type":"product","link":"https:\/\/ozince.com\/magaza\/debriyaj-ve-sanziman-urunleri\/sac-3182600255-debriyaj-rulmani-sensorlu-astra-k-corsa-e-b13dte-b13dtr-b14xel-d14xel\/","title":{"rendered":"SAC-3182600255 DEBR\u0130YAJ RULMANI SENS\u00d6RL\u00dc ASTRA K \/ CORSA E B13DTE-B13DTR-B14XEL-D14XEL"},"content":{"rendered":"","protected":false},"excerpt":{"rendered":"","protected":false},"featured_media":0,"template":"","meta":[],"product_brand":[349],"product_cat":[347],"product_tag":[378],"class_list":{"0":"post-11011","1":"product","2":"type-product","3":"status-publish","5":"arac_markasi_modeli-astra-k","6":"arac_markasi_modeli-corsa-e","7":"arac_markasi_modeli-opel","8":"product_brand-sachs","9":"product_cat-debriyaj-ve-sanziman-urunleri","10":"product_tag-altay","12":"first","13":"outofstock","14":"taxable","15":"shipping-taxable","16":"purchasable","17":"product-type-simple"},"jetpack_sharing_enabled":true,"_links":{"self":[{"href":"https:\/\/ozince.com\/magaza\/wp-json\/wp\/v2\/product\/11011","targetHints":{"allow":["GET"]}}],"collection":[{"href":"https:\/\/ozince.com\/magaza\/wp-json\/wp\/v2\/product"}],"about":[{"href":"https:\/\/ozince.com\/magaza\/wp-json\/wp\/v2\/types\/product"}],"wp:attachment":[{"href":"https:\/\/ozince.com\/magaza\/wp-json\/wp\/v2\/media?parent=11011"}],"wp:term":[{"taxonomy":"product_brand","embeddable":true,"href":"https:\/\/ozince.com\/magaza\/wp-json\/wp\/v2\/product_brand?post=11011"},{"taxonomy":"product_cat","embeddable":true,"href":"https:\/\/ozince.com\/magaza\/wp-json\/wp\/v2\/product_cat?post=11011"},{"taxonomy":"product_tag","embeddable":true,"href":"https:\/\/ozince.com\/magaza\/wp-json\/wp\/v2\/product_tag?post=11011"}],"curies":[{"name":"wp","href":"https:\/\/api.w.org\/{rel}","templated":true}]}}